{"id":14426,"date":"2023-10-13T08:28:00","date_gmt":"2023-10-13T08:28:00","guid":{"rendered":"https:\/\/origin.kasafik.cz\/web\/?post_type=product&#038;p=14426"},"modified":"2026-01-05T12:41:44","modified_gmt":"2026-01-05T12:41:44","slug":"pokladni-zasuvka","status":"publish","type":"product","link":"https:\/\/www.kasafik.cz\/web\/produkt\/pokladni-zasuvka\/","title":{"rendered":"Pokladn\u00ed z\u00e1suvka"},"content":{"rendered":"<p>Pokladn\u00ed z\u00e1suvka na hotovost a mince, p\u0159ipojiteln\u00e1 pomoc\u00ed RJ11 konektoru k pokladn\u011b nebo pokladn\u00ed tisk\u00e1rn\u011b.<\/p>\n<table class=\"table table-bordered\">\n<tbody>\n<tr>\n<td style=\"width: 30%;\"><strong>\u00a0Construction<\/strong><\/td>\n<td>\u00a0All steel<\/td>\n<\/tr>\n<tr>\n<td><strong>\u00a0Rails<\/strong><\/td>\n<td>Roller bearing<\/td>\n<\/tr>\n<tr>\n<td><strong>\u00a0Media Slot<\/strong><\/td>\n<td>2x<\/td>\n<\/tr>\n<tr>\n<td><strong>\u00a0Cash Till<\/strong><\/td>\n<td>8 x coin adjustable sections \/ 4 x bill<\/td>\n<\/tr>\n<tr>\n<td><strong>\u00a0Lock<\/strong><\/td>\n<td>\u00a03 position<\/td>\n<\/tr>\n<tr>\n<td><strong>\u00a0Micro Switch<\/strong><\/td>\n<td>\u00a0Yes<\/td>\n<\/tr>\n<tr>\n<td><strong>\u00a0Cable Length<\/strong><\/td>\n<td>\u00a00.8M<\/td>\n<\/tr>\n<tr>\n<td><strong>\u00a0Interface<\/strong><\/td>\n<td>\u00a0Printer Driven<\/td>\n<\/tr>\n<tr>\n<td><strong>\u00a0Solenoid<\/strong><\/td>\n<td>\u00a024V<\/td>\n<\/tr>\n<tr>\n<td><strong>\u00a0Dimension<\/strong><\/td>\n<td>\u00a0410(W) x 415(D) x 110(H)mm<\/td>\n<\/tr>\n<tr>\n<td><strong>\u00a0Weight<\/strong><\/td>\n<td>\u00a06.7 kg<\/td>\n<\/tr>\n<tr>\n<td><strong>\u00a0Lockable Lid<\/strong><\/td>\n<td>\u00a0default<\/td>\n<\/tr>\n<\/tbody>\n<\/table>\n","protected":false},"excerpt":{"rendered":"<p>Pokladn\u00ed z\u00e1suvka, vyj\u00edmateln\u00fd mincovn\u00edk, 4 bankovky,8 minc\u00ed, propojovac\u00ed kabel RJ11, Interface EPSON<\/p>\n","protected":false},"featured_media":15558,"comment_status":"closed","ping_status":"closed","template":"","meta":[],"product_brand":[],"product_cat":[218],"product_tag":[],"class_list":{"0":"post-14426","1":"product","2":"type-product","3":"status-publish","4":"has-post-thumbnail","6":"product_cat-prislusenstvi","8":"first","9":"instock","10":"taxable","11":"shipping-taxable","12":"purchasable","13":"product-type-variable","14":"has-default-attributes"},"yoast_head":"<!-- This site is optimized with the Yoast SEO plugin v27.4 - https:\/\/yoast.com\/product\/yoast-seo-wordpress\/ -->\n<title>Pokladn\u00ed z\u00e1suvka - KASA FIK<\/title>\n<meta name=\"robots\" content=\"index, follow, max-snippet:-1, max-image-preview:large, max-video-preview:-1\" \/>\n<link rel=\"canonical\" href=\"https:\/\/www.kasafik.cz\/web\/produkt\/pokladni-zasuvka\/\" \/>\n<meta property=\"og:locale\" content=\"cs_CZ\" \/>\n<meta property=\"og:type\" content=\"article\" \/>\n<meta property=\"og:title\" content=\"Pokladn\u00ed z\u00e1suvka - KASA FIK\" \/>\n<meta property=\"og:description\" content=\"Pokladn\u00ed z\u00e1suvka, vyj\u00edmateln\u00fd mincovn\u00edk, 4 bankovky,8 minc\u00ed, propojovac\u00ed kabel RJ11, Interface EPSON\" \/>\n<meta property=\"og:url\" content=\"https:\/\/www.kasafik.cz\/web\/produkt\/pokladni-zasuvka\/\" \/>\n<meta property=\"og:site_name\" content=\"KASA FIK\" \/>\n<meta property=\"article:modified_time\" content=\"2026-01-05T12:41:44+00:00\" \/>\n<meta property=\"og:image\" content=\"https:\/\/www.kasafik.cz\/web\/wp-content\/uploads\/2023\/10\/pokladni-zasuvka.png\" \/>\n\t<meta property=\"og:image:width\" content=\"950\" \/>\n\t<meta property=\"og:image:height\" content=\"950\" \/>\n\t<meta property=\"og:image:type\" content=\"image\/png\" \/>\n<meta name=\"twitter:card\" content=\"summary_large_image\" \/>\n<meta name=\"twitter:label1\" content=\"Odhadovan\u00e1 doba \u010dten\u00ed\" \/>\n\t<meta name=\"twitter:data1\" content=\"1 minuta\" \/>\n<script type=\"application\/ld+json\" class=\"yoast-schema-graph\">{\"@context\":\"https:\\\/\\\/schema.org\",\"@graph\":[{\"@type\":\"WebPage\",\"@id\":\"https:\\\/\\\/www.kasafik.cz\\\/web\\\/produkt\\\/pokladni-zasuvka\\\/\",\"url\":\"https:\\\/\\\/www.kasafik.cz\\\/web\\\/produkt\\\/pokladni-zasuvka\\\/\",\"name\":\"Pokladn\u00ed z\u00e1suvka - KASA FIK\",\"isPartOf\":{\"@id\":\"https:\\\/\\\/www.kasafik.cz\\\/web\\\/#website\"},\"primaryImageOfPage\":{\"@id\":\"https:\\\/\\\/www.kasafik.cz\\\/web\\\/produkt\\\/pokladni-zasuvka\\\/#primaryimage\"},\"image\":{\"@id\":\"https:\\\/\\\/www.kasafik.cz\\\/web\\\/produkt\\\/pokladni-zasuvka\\\/#primaryimage\"},\"thumbnailUrl\":\"https:\\\/\\\/www.kasafik.cz\\\/web\\\/wp-content\\\/uploads\\\/2023\\\/10\\\/pokladni-zasuvka.png\",\"datePublished\":\"2023-10-13T08:28:00+00:00\",\"dateModified\":\"2026-01-05T12:41:44+00:00\",\"breadcrumb\":{\"@id\":\"https:\\\/\\\/www.kasafik.cz\\\/web\\\/produkt\\\/pokladni-zasuvka\\\/#breadcrumb\"},\"inLanguage\":\"cs\",\"potentialAction\":[{\"@type\":\"ReadAction\",\"target\":[\"https:\\\/\\\/www.kasafik.cz\\\/web\\\/produkt\\\/pokladni-zasuvka\\\/\"]}]},{\"@type\":\"ImageObject\",\"inLanguage\":\"cs\",\"@id\":\"https:\\\/\\\/www.kasafik.cz\\\/web\\\/produkt\\\/pokladni-zasuvka\\\/#primaryimage\",\"url\":\"https:\\\/\\\/www.kasafik.cz\\\/web\\\/wp-content\\\/uploads\\\/2023\\\/10\\\/pokladni-zasuvka.png\",\"contentUrl\":\"https:\\\/\\\/www.kasafik.cz\\\/web\\\/wp-content\\\/uploads\\\/2023\\\/10\\\/pokladni-zasuvka.png\",\"width\":950,\"height\":950},{\"@type\":\"BreadcrumbList\",\"@id\":\"https:\\\/\\\/www.kasafik.cz\\\/web\\\/produkt\\\/pokladni-zasuvka\\\/#breadcrumb\",\"itemListElement\":[{\"@type\":\"ListItem\",\"position\":1,\"name\":\"Home\",\"item\":\"https:\\\/\\\/origin.kasafik.cz\\\/web\\\/cs\\\/\"},{\"@type\":\"ListItem\",\"position\":2,\"name\":\"Shop\",\"item\":\"https:\\\/\\\/www.kasafik.cz\\\/web\\\/cs\\\/shop\\\/\"},{\"@type\":\"ListItem\",\"position\":3,\"name\":\"Pokladn\u00ed z\u00e1suvka\"}]},{\"@type\":\"WebSite\",\"@id\":\"https:\\\/\\\/www.kasafik.cz\\\/web\\\/#website\",\"url\":\"https:\\\/\\\/www.kasafik.cz\\\/web\\\/\",\"name\":\"KASA FIK\",\"description\":\"\",\"potentialAction\":[{\"@type\":\"SearchAction\",\"target\":{\"@type\":\"EntryPoint\",\"urlTemplate\":\"https:\\\/\\\/www.kasafik.cz\\\/web\\\/?s={search_term_string}\"},\"query-input\":{\"@type\":\"PropertyValueSpecification\",\"valueRequired\":true,\"valueName\":\"search_term_string\"}}],\"inLanguage\":\"cs\"}]}<\/script>\n<!-- \/ Yoast SEO plugin. -->","yoast_head_json":{"title":"Pokladn\u00ed z\u00e1suvka - KASA FIK","robots":{"index":"index","follow":"follow","max-snippet":"max-snippet:-1","max-image-preview":"max-image-preview:large","max-video-preview":"max-video-preview:-1"},"canonical":"https:\/\/www.kasafik.cz\/web\/produkt\/pokladni-zasuvka\/","og_locale":"cs_CZ","og_type":"article","og_title":"Pokladn\u00ed z\u00e1suvka - KASA FIK","og_description":"Pokladn\u00ed z\u00e1suvka, vyj\u00edmateln\u00fd mincovn\u00edk, 4 bankovky,8 minc\u00ed, propojovac\u00ed kabel RJ11, Interface EPSON","og_url":"https:\/\/www.kasafik.cz\/web\/produkt\/pokladni-zasuvka\/","og_site_name":"KASA FIK","article_modified_time":"2026-01-05T12:41:44+00:00","og_image":[{"width":950,"height":950,"url":"https:\/\/www.kasafik.cz\/web\/wp-content\/uploads\/2023\/10\/pokladni-zasuvka.png","type":"image\/png"}],"twitter_card":"summary_large_image","twitter_misc":{"Odhadovan\u00e1 doba \u010dten\u00ed":"1 minuta"},"schema":{"@context":"https:\/\/schema.org","@graph":[{"@type":"WebPage","@id":"https:\/\/www.kasafik.cz\/web\/produkt\/pokladni-zasuvka\/","url":"https:\/\/www.kasafik.cz\/web\/produkt\/pokladni-zasuvka\/","name":"Pokladn\u00ed z\u00e1suvka - KASA FIK","isPartOf":{"@id":"https:\/\/www.kasafik.cz\/web\/#website"},"primaryImageOfPage":{"@id":"https:\/\/www.kasafik.cz\/web\/produkt\/pokladni-zasuvka\/#primaryimage"},"image":{"@id":"https:\/\/www.kasafik.cz\/web\/produkt\/pokladni-zasuvka\/#primaryimage"},"thumbnailUrl":"https:\/\/www.kasafik.cz\/web\/wp-content\/uploads\/2023\/10\/pokladni-zasuvka.png","datePublished":"2023-10-13T08:28:00+00:00","dateModified":"2026-01-05T12:41:44+00:00","breadcrumb":{"@id":"https:\/\/www.kasafik.cz\/web\/produkt\/pokladni-zasuvka\/#breadcrumb"},"inLanguage":"cs","potentialAction":[{"@type":"ReadAction","target":["https:\/\/www.kasafik.cz\/web\/produkt\/pokladni-zasuvka\/"]}]},{"@type":"ImageObject","inLanguage":"cs","@id":"https:\/\/www.kasafik.cz\/web\/produkt\/pokladni-zasuvka\/#primaryimage","url":"https:\/\/www.kasafik.cz\/web\/wp-content\/uploads\/2023\/10\/pokladni-zasuvka.png","contentUrl":"https:\/\/www.kasafik.cz\/web\/wp-content\/uploads\/2023\/10\/pokladni-zasuvka.png","width":950,"height":950},{"@type":"BreadcrumbList","@id":"https:\/\/www.kasafik.cz\/web\/produkt\/pokladni-zasuvka\/#breadcrumb","itemListElement":[{"@type":"ListItem","position":1,"name":"Home","item":"https:\/\/origin.kasafik.cz\/web\/cs\/"},{"@type":"ListItem","position":2,"name":"Shop","item":"https:\/\/www.kasafik.cz\/web\/cs\/shop\/"},{"@type":"ListItem","position":3,"name":"Pokladn\u00ed z\u00e1suvka"}]},{"@type":"WebSite","@id":"https:\/\/www.kasafik.cz\/web\/#website","url":"https:\/\/www.kasafik.cz\/web\/","name":"KASA FIK","description":"","potentialAction":[{"@type":"SearchAction","target":{"@type":"EntryPoint","urlTemplate":"https:\/\/www.kasafik.cz\/web\/?s={search_term_string}"},"query-input":{"@type":"PropertyValueSpecification","valueRequired":true,"valueName":"search_term_string"}}],"inLanguage":"cs"}]}},"jetpack_sharing_enabled":true,"_links":{"self":[{"href":"https:\/\/www.kasafik.cz\/web\/wp-json\/wp\/v2\/product\/14426","targetHints":{"allow":["GET"]}}],"collection":[{"href":"https:\/\/www.kasafik.cz\/web\/wp-json\/wp\/v2\/product"}],"about":[{"href":"https:\/\/www.kasafik.cz\/web\/wp-json\/wp\/v2\/types\/product"}],"replies":[{"embeddable":true,"href":"https:\/\/www.kasafik.cz\/web\/wp-json\/wp\/v2\/comments?post=14426"}],"version-history":[{"count":2,"href":"https:\/\/www.kasafik.cz\/web\/wp-json\/wp\/v2\/product\/14426\/revisions"}],"predecessor-version":[{"id":14766,"href":"https:\/\/www.kasafik.cz\/web\/wp-json\/wp\/v2\/product\/14426\/revisions\/14766"}],"wp:featuredmedia":[{"embeddable":true,"href":"https:\/\/www.kasafik.cz\/web\/wp-json\/wp\/v2\/media\/15558"}],"wp:attachment":[{"href":"https:\/\/www.kasafik.cz\/web\/wp-json\/wp\/v2\/media?parent=14426"}],"wp:term":[{"taxonomy":"product_brand","embeddable":true,"href":"https:\/\/www.kasafik.cz\/web\/wp-json\/wp\/v2\/product_brand?post=14426"},{"taxonomy":"product_cat","embeddable":true,"href":"https:\/\/www.kasafik.cz\/web\/wp-json\/wp\/v2\/product_cat?post=14426"},{"taxonomy":"product_tag","embeddable":true,"href":"https:\/\/www.kasafik.cz\/web\/wp-json\/wp\/v2\/product_tag?post=14426"}],"curies":[{"name":"wp","href":"https:\/\/api.w.org\/{rel}","templated":true}]}}