{"id":14408,"date":"2023-10-13T08:23:00","date_gmt":"2023-10-13T08:23:00","guid":{"rendered":"https:\/\/origin.kasafik.cz\/web\/?post_type=product&#038;p=14408"},"modified":"2026-03-16T10:41:58","modified_gmt":"2026-03-16T10:41:58","slug":"kasa-fik-hit-8","status":"publish","type":"product","link":"https:\/\/www.kasafik.cz\/web\/produkt\/kasa-fik-hit-8\/","title":{"rendered":"KASA FIK HIT 8&#8242; &#8211; Platebn\u00ed a pokladn\u00ed termin\u00e1l"},"content":{"rendered":"<p><a href=\"\/web\/wp-content\/uploads\/2023\/10\/M8-new5-card-1.png\"><img fetchpriority=\"high\" decoding=\"async\" class=\"alignright wp-image-15792\" src=\"\/web\/wp-content\/uploads\/2023\/10\/M8-new5-card-1-1024x730.png\" alt=\"\" width=\"646\" height=\"461\" srcset=\"https:\/\/www.kasafik.cz\/web\/wp-content\/uploads\/2023\/10\/M8-new5-card-1-1024x730.png 1024w, https:\/\/www.kasafik.cz\/web\/wp-content\/uploads\/2023\/10\/M8-new5-card-1-600x427.png 600w, https:\/\/www.kasafik.cz\/web\/wp-content\/uploads\/2023\/10\/M8-new5-card-1-300x214.png 300w, https:\/\/www.kasafik.cz\/web\/wp-content\/uploads\/2023\/10\/M8-new5-card-1-768x547.png 768w, https:\/\/www.kasafik.cz\/web\/wp-content\/uploads\/2023\/10\/M8-new5-card-1-1536x1094.png 1536w, https:\/\/www.kasafik.cz\/web\/wp-content\/uploads\/2023\/10\/M8-new5-card-1.png 1624w\" sizes=\"(max-width: 646px) 100vw, 646px\" \/><\/a>Vyberte vrcholnou mobiln\u00ed pokladnu pro va\u0161e podnik\u00e1n\u00ed s KASA FIK 8 palc\u016f! Tento praktick\u00fd 8palcov\u00fd android termin\u00e1l p\u0159in\u00e1\u0161\u00ed v\u00fdkonnost a funkce ide\u00e1ln\u00ed pro maloobchod, prodej vstupenek a <strong>pohodln\u00e9 zpracov\u00e1n\u00ed plateb.<\/strong><\/p>\n<ul>\n<li><strong>Super-kvalitn\u00ed displej pro \u010diteln\u00e9 zobrazen\u00ed:<\/strong>\n<ul>\n<li>8palcov\u00fd displej poskytuje detailn\u00ed a jasn\u00e9 zobrazen\u00ed, optimalizovan\u00e9 pro rychl\u00fd a p\u0159ehledn\u00fd p\u0159\u00edstup k informac\u00edm.<\/li>\n<\/ul>\n<\/li>\n<li><strong>Integrovan\u00e1 tisk\u00e1rna<\/strong>\n<ul>\n<li>Termotisk\u00e1rna 58mm p\u0159\u00edmo zabudovan\u00e1 do za\u0159\u00edzen\u00ed usnad\u0148uje tisk doklad\u016f a \u00fa\u010dt\u016f p\u0159\u00edmo na m\u00edst\u011b.<\/li>\n<\/ul>\n<\/li>\n<li><strong>Mobiln\u00ed flexibilita pro ka\u017edodenn\u00ed pot\u0159eby:<\/strong>\n<ul>\n<li>Ide\u00e1ln\u00ed pro mobiln\u00ed prodej a cestuj\u00edc\u00ed obchodn\u00edky, kte\u0159\u00ed pot\u0159ebuj\u00ed spolehliv\u00fd a v\u00fdkonn\u00fd termin\u00e1l.<\/li>\n<\/ul>\n<\/li>\n<li><strong>Platby kartou:<\/strong>\n<ul>\n<li>Mo\u017enost akceptovat bezpe\u010dn\u00e9 a rychl\u00e9 platby kartou v jednom za\u0159\u00edzen\u00ed<\/li>\n<\/ul>\n<\/li>\n<li><strong>V\u00fdhody KASA FIK 8:<\/strong>\n<ul>\n<li>Kompletn\u00ed pokladna s velk\u00fdm displejem a integrovanou tisk\u00e1rnou pro efektivn\u00ed provoz.<\/li>\n<li>Zaru\u010den\u00e1 legislativn\u00ed funk\u010dnost a aktualizace, v\u010detn\u011b podpory a da\u0148ov\u00fdch zm\u011bn.<\/li>\n<li>\u017d\u00e1dn\u00e1 nutnost dal\u0161\u00edch n\u00e1kup\u016f \u010di p\u0159ipojen\u00ed k dal\u0161\u00edm za\u0159\u00edzen\u00edm.<\/li>\n<li>Profesion\u00e1ln\u00ed telefonick\u00e1 podpora a odborn\u00fd servis pro na\u0161e z\u00e1kazn\u00edky.<\/li>\n<li>Dlouhodob\u00e1 z\u00e1ruka 24 m\u011bs\u00edc\u016f bez dal\u0161\u00edch podm\u00ednek \u2013 spolehlivost na prvn\u00edm m\u00edst\u011b &#8211; v z\u00e1ruce okam\u017eit\u011b m\u011bn\u00edme.<\/li>\n<li>Podpora funkce platebn\u00edho termin\u00e1lu VISA\/MASTERCARD<\/li>\n<li>Podpora <a href=\"\/web\/cs\/platebni-systemy\/\">Cashless syst\u00e9m\u016f<\/a> a z\u00e1kaznick\u00fdch karti\u010dek a kredit\u016f pro festivaly, sportovn\u00ed akce, koncerty.<\/li>\n<\/ul>\n<\/li>\n<\/ul>\n<h3>Platebn\u00ed termin\u00e1l<\/h3>\n<p>Hled\u00e1te flexibiln\u00ed \u0159e\u0161en\u00ed pro va\u0161e podnik\u00e1n\u00ed, kter\u00e9 dr\u017e\u00ed krok s nejnov\u011bj\u0161\u00edmi technologiemi? KASA FIK 8 je p\u0159esn\u011b to, co pot\u0159ebujete &#8211; modern\u00ed pokladn\u00ed syst\u00e9m, kter\u00fd se brzy do\u010dk\u00e1 inovace v podob\u011b integrovan\u00e9ho platebn\u00edho termin\u00e1lu. Za\u0159\u00edzen\u00ed m\u00e1 <strong>pln\u011b integrovan\u00fdm \u0159e\u0161en\u00edm pro akceptaci plateb kartou<\/strong>.<\/p>\n<p>Nezme\u0161kejte tuto jedine\u010dnou p\u0159\u00edle\u017eitost z\u00edskat v\u00edce za m\u00e9n\u011b a z\u00e1rove\u0148 se p\u0159ipravit na budoucnost. Vyu\u017eijte na\u0161i speci\u00e1ln\u00ed nab\u00eddku je\u0161t\u011b dnes a zabezpe\u010dte si hladk\u00fd p\u0159echod na integrovan\u00e9 platebn\u00ed \u0159e\u0161en\u00ed, kter\u00e9 v\u00e1m uleh\u010d\u00ed podnik\u00e1n\u00ed. Kontaktujte na\u0161e experty pro v\u00edce informac\u00ed o speci\u00e1ln\u00ed akci. Ide\u00e1ln\u00ed pro venkovn\u00ed akce, st\u00e1nky a prodejce se sez\u00f3n\u00edm prodejem.<\/p>\n<h3>Jednoduch\u00fd poplatek, transparentn\u00ed ceny<\/h3>\n<p>Za jeden fixn\u00ed transa\u010dn\u00ed poplatek <strong>1.49%<\/strong> v re\u017eimu MIF++ <strong>bez minim\u00e1ln\u00edch obrat\u016f<\/strong> a hodnoty transakc\u00ed. Pokud V\u00e1\u0161 obrat p\u0159esahuje <strong>80 000 K\u010d<\/strong> m\u011bs\u00ed\u010dn\u011b jsme schopni nab\u00eddnout individu\u00e1ln\u00ed podm\u00ednky akceptace karet. Aktivace je rychl\u00e1 a v\u0161e prob\u00edh\u00e1 online! P\u0159ipravte se na p\u0159\u00ed\u0161t\u00ed v\u00edkend a zprovozn\u011bte si platebn\u00ed slu\u017ebu KASA FIK PAY je\u0161t\u011b dnes. Na\u0161i experti V\u00e1s provedou cel\u00fdm procesem.<\/p>\n<h2><img decoding=\"async\" class=\"alignright wp-image-17344\" src=\"\/web\/wp-content\/uploads\/2023\/10\/IMG_20241025_182921_353.jpg\" alt=\"\" width=\"246\" height=\"400\" srcset=\"https:\/\/www.kasafik.cz\/web\/wp-content\/uploads\/2023\/10\/IMG_20241025_182921_353.jpg 612w, https:\/\/www.kasafik.cz\/web\/wp-content\/uploads\/2023\/10\/IMG_20241025_182921_353-600x976.jpg 600w, https:\/\/www.kasafik.cz\/web\/wp-content\/uploads\/2023\/10\/IMG_20241025_182921_353-184x300.jpg 184w\" sizes=\"(max-width: 246px) 100vw, 246px\" \/><\/h2>\n<h2>Reference<\/h2>\n<p>Na\u0161e pokladny jsou schopny zvl\u00e1dnout extr\u00e9mn\u00ed zat\u00ed\u017een\u00ed. Jsme hrd\u00ed, \u017ee m\u016f\u017eeme podpo\u0159it akce. P\u0159e\u010dt\u011bte si na\u0161i <a href=\"\/web\/cs\/2024\/11\/pripadova-studie-nasazeni-kasa-fik-pay-pro-festival-rostlin\/\">p\u0159\u00edpadovou studii o nasazen\u00ed jednotn\u00e9ho pokladn\u00edho a platebn\u00edho syst\u00e9mu<\/a>.<\/p>\n<p>&nbsp;<\/p>\n<p>&nbsp;<\/p>\n","protected":false},"excerpt":{"rendered":"<p>Vyberte vrcholnou mobiln\u00ed pokladnu pro va\u0161e podnik\u00e1n\u00ed s KASA FIK 8 palc\u016f! Tento praktick\u00fd 8palcov\u00fd android termin\u00e1l p\u0159in\u00e1\u0161\u00ed v\u00fdkonnost a funkce ide\u00e1ln\u00ed pro maloobchod, prodej vstupenek a pohodln\u00e9 zpracov\u00e1n\u00ed plateb. Super-kvalitn\u00ed displej pro \u010diteln\u00e9 zobrazen\u00ed: 8palcov\u00fd displej poskytuje detailn\u00ed a jasn\u00e9 zobrazen\u00ed, optimalizovan\u00e9 pro rychl\u00fd a p\u0159ehledn\u00fd p\u0159\u00edstup k informac\u00edm. Integrovan\u00e1 tisk\u00e1rna Termotisk\u00e1rna 58mm p\u0159\u00edmo [&hellip;]<\/p>\n","protected":false},"featured_media":18737,"comment_status":"closed","ping_status":"closed","template":"","meta":[],"product_brand":[],"product_cat":[282,231],"product_tag":[280],"class_list":{"0":"post-14408","1":"product","2":"type-product","3":"status-publish","4":"has-post-thumbnail","6":"product_cat-akcni-sety","7":"product_cat-pokladni-sety","8":"product_tag-alza","10":"first","11":"instock","12":"sale","13":"taxable","14":"shipping-taxable","15":"purchasable","16":"product-type-variable","17":"has-default-attributes"},"yoast_head":"<!-- This site is optimized with the Yoast SEO plugin v27.4 - https:\/\/yoast.com\/product\/yoast-seo-wordpress\/ -->\n<title>KASA FIK HIT 8&#039; - Platebn\u00ed a pokladn\u00ed termin\u00e1l - KASA FIK<\/title>\n<meta name=\"robots\" content=\"index, follow, max-snippet:-1, max-image-preview:large, max-video-preview:-1\" \/>\n<link rel=\"canonical\" href=\"https:\/\/www.kasafik.cz\/web\/produkt\/kasa-fik-hit-8\/\" \/>\n<meta property=\"og:locale\" content=\"cs_CZ\" \/>\n<meta property=\"og:type\" content=\"article\" \/>\n<meta property=\"og:title\" content=\"KASA FIK HIT 8&#039; - Platebn\u00ed a pokladn\u00ed termin\u00e1l - KASA FIK\" \/>\n<meta property=\"og:description\" content=\"Vyberte vrcholnou mobiln\u00ed pokladnu pro va\u0161e podnik\u00e1n\u00ed s KASA FIK 8 palc\u016f! Tento praktick\u00fd 8palcov\u00fd android termin\u00e1l p\u0159in\u00e1\u0161\u00ed v\u00fdkonnost a funkce ide\u00e1ln\u00ed pro maloobchod, prodej vstupenek a pohodln\u00e9 zpracov\u00e1n\u00ed plateb. Super-kvalitn\u00ed displej pro \u010diteln\u00e9 zobrazen\u00ed: 8palcov\u00fd displej poskytuje detailn\u00ed a jasn\u00e9 zobrazen\u00ed, optimalizovan\u00e9 pro rychl\u00fd a p\u0159ehledn\u00fd p\u0159\u00edstup k informac\u00edm. Integrovan\u00e1 tisk\u00e1rna Termotisk\u00e1rna 58mm p\u0159\u00edmo [&hellip;]\" \/>\n<meta property=\"og:url\" content=\"https:\/\/www.kasafik.cz\/web\/produkt\/kasa-fik-hit-8\/\" \/>\n<meta property=\"og:site_name\" content=\"KASA FIK\" \/>\n<meta property=\"article:modified_time\" content=\"2026-03-16T10:41:58+00:00\" \/>\n<meta property=\"og:image\" content=\"https:\/\/www.kasafik.cz\/web\/wp-content\/uploads\/2023\/10\/M8-new5-card-1-1.png\" \/>\n\t<meta property=\"og:image:width\" content=\"1624\" \/>\n\t<meta property=\"og:image:height\" content=\"1157\" \/>\n\t<meta property=\"og:image:type\" content=\"image\/png\" \/>\n<meta name=\"twitter:card\" content=\"summary_large_image\" \/>\n<meta name=\"twitter:label1\" content=\"Odhadovan\u00e1 doba \u010dten\u00ed\" \/>\n\t<meta name=\"twitter:data1\" content=\"3 minuty\" \/>\n<script type=\"application\/ld+json\" class=\"yoast-schema-graph\">{\"@context\":\"https:\\\/\\\/schema.org\",\"@graph\":[{\"@type\":\"WebPage\",\"@id\":\"https:\\\/\\\/www.kasafik.cz\\\/web\\\/produkt\\\/kasa-fik-hit-8\\\/\",\"url\":\"https:\\\/\\\/www.kasafik.cz\\\/web\\\/produkt\\\/kasa-fik-hit-8\\\/\",\"name\":\"KASA FIK HIT 8' - Platebn\u00ed a pokladn\u00ed termin\u00e1l - KASA FIK\",\"isPartOf\":{\"@id\":\"https:\\\/\\\/www.kasafik.cz\\\/web\\\/#website\"},\"primaryImageOfPage\":{\"@id\":\"https:\\\/\\\/www.kasafik.cz\\\/web\\\/produkt\\\/kasa-fik-hit-8\\\/#primaryimage\"},\"image\":{\"@id\":\"https:\\\/\\\/www.kasafik.cz\\\/web\\\/produkt\\\/kasa-fik-hit-8\\\/#primaryimage\"},\"thumbnailUrl\":\"https:\\\/\\\/www.kasafik.cz\\\/web\\\/wp-content\\\/uploads\\\/2023\\\/10\\\/M8-new5-card-1-1.png\",\"datePublished\":\"2023-10-13T08:23:00+00:00\",\"dateModified\":\"2026-03-16T10:41:58+00:00\",\"breadcrumb\":{\"@id\":\"https:\\\/\\\/www.kasafik.cz\\\/web\\\/produkt\\\/kasa-fik-hit-8\\\/#breadcrumb\"},\"inLanguage\":\"cs\",\"potentialAction\":[{\"@type\":\"ReadAction\",\"target\":[\"https:\\\/\\\/www.kasafik.cz\\\/web\\\/produkt\\\/kasa-fik-hit-8\\\/\"]}]},{\"@type\":\"ImageObject\",\"inLanguage\":\"cs\",\"@id\":\"https:\\\/\\\/www.kasafik.cz\\\/web\\\/produkt\\\/kasa-fik-hit-8\\\/#primaryimage\",\"url\":\"https:\\\/\\\/www.kasafik.cz\\\/web\\\/wp-content\\\/uploads\\\/2023\\\/10\\\/M8-new5-card-1-1.png\",\"contentUrl\":\"https:\\\/\\\/www.kasafik.cz\\\/web\\\/wp-content\\\/uploads\\\/2023\\\/10\\\/M8-new5-card-1-1.png\",\"width\":1624,\"height\":1157},{\"@type\":\"BreadcrumbList\",\"@id\":\"https:\\\/\\\/www.kasafik.cz\\\/web\\\/produkt\\\/kasa-fik-hit-8\\\/#breadcrumb\",\"itemListElement\":[{\"@type\":\"ListItem\",\"position\":1,\"name\":\"Home\",\"item\":\"https:\\\/\\\/www.kasafik.cz\\\/web\\\/cs\\\/\"},{\"@type\":\"ListItem\",\"position\":2,\"name\":\"Shop\",\"item\":\"https:\\\/\\\/www.kasafik.cz\\\/web\\\/cs\\\/shop\\\/\"},{\"@type\":\"ListItem\",\"position\":3,\"name\":\"KASA FIK HIT 8&#8242; &#8211; Platebn\u00ed a pokladn\u00ed termin\u00e1l\"}]},{\"@type\":\"WebSite\",\"@id\":\"https:\\\/\\\/www.kasafik.cz\\\/web\\\/#website\",\"url\":\"https:\\\/\\\/www.kasafik.cz\\\/web\\\/\",\"name\":\"KASA FIK\",\"description\":\"\",\"potentialAction\":[{\"@type\":\"SearchAction\",\"target\":{\"@type\":\"EntryPoint\",\"urlTemplate\":\"https:\\\/\\\/www.kasafik.cz\\\/web\\\/?s={search_term_string}\"},\"query-input\":{\"@type\":\"PropertyValueSpecification\",\"valueRequired\":true,\"valueName\":\"search_term_string\"}}],\"inLanguage\":\"cs\"}]}<\/script>\n<!-- \/ Yoast SEO plugin. -->","yoast_head_json":{"title":"KASA FIK HIT 8' - Platebn\u00ed a pokladn\u00ed termin\u00e1l - KASA FIK","robots":{"index":"index","follow":"follow","max-snippet":"max-snippet:-1","max-image-preview":"max-image-preview:large","max-video-preview":"max-video-preview:-1"},"canonical":"https:\/\/www.kasafik.cz\/web\/produkt\/kasa-fik-hit-8\/","og_locale":"cs_CZ","og_type":"article","og_title":"KASA FIK HIT 8' - Platebn\u00ed a pokladn\u00ed termin\u00e1l - KASA FIK","og_description":"Vyberte vrcholnou mobiln\u00ed pokladnu pro va\u0161e podnik\u00e1n\u00ed s KASA FIK 8 palc\u016f! Tento praktick\u00fd 8palcov\u00fd android termin\u00e1l p\u0159in\u00e1\u0161\u00ed v\u00fdkonnost a funkce ide\u00e1ln\u00ed pro maloobchod, prodej vstupenek a pohodln\u00e9 zpracov\u00e1n\u00ed plateb. Super-kvalitn\u00ed displej pro \u010diteln\u00e9 zobrazen\u00ed: 8palcov\u00fd displej poskytuje detailn\u00ed a jasn\u00e9 zobrazen\u00ed, optimalizovan\u00e9 pro rychl\u00fd a p\u0159ehledn\u00fd p\u0159\u00edstup k informac\u00edm. Integrovan\u00e1 tisk\u00e1rna Termotisk\u00e1rna 58mm p\u0159\u00edmo [&hellip;]","og_url":"https:\/\/www.kasafik.cz\/web\/produkt\/kasa-fik-hit-8\/","og_site_name":"KASA FIK","article_modified_time":"2026-03-16T10:41:58+00:00","og_image":[{"width":1624,"height":1157,"url":"https:\/\/www.kasafik.cz\/web\/wp-content\/uploads\/2023\/10\/M8-new5-card-1-1.png","type":"image\/png"}],"twitter_card":"summary_large_image","twitter_misc":{"Odhadovan\u00e1 doba \u010dten\u00ed":"3 minuty"},"schema":{"@context":"https:\/\/schema.org","@graph":[{"@type":"WebPage","@id":"https:\/\/www.kasafik.cz\/web\/produkt\/kasa-fik-hit-8\/","url":"https:\/\/www.kasafik.cz\/web\/produkt\/kasa-fik-hit-8\/","name":"KASA FIK HIT 8' - Platebn\u00ed a pokladn\u00ed termin\u00e1l - KASA FIK","isPartOf":{"@id":"https:\/\/www.kasafik.cz\/web\/#website"},"primaryImageOfPage":{"@id":"https:\/\/www.kasafik.cz\/web\/produkt\/kasa-fik-hit-8\/#primaryimage"},"image":{"@id":"https:\/\/www.kasafik.cz\/web\/produkt\/kasa-fik-hit-8\/#primaryimage"},"thumbnailUrl":"https:\/\/www.kasafik.cz\/web\/wp-content\/uploads\/2023\/10\/M8-new5-card-1-1.png","datePublished":"2023-10-13T08:23:00+00:00","dateModified":"2026-03-16T10:41:58+00:00","breadcrumb":{"@id":"https:\/\/www.kasafik.cz\/web\/produkt\/kasa-fik-hit-8\/#breadcrumb"},"inLanguage":"cs","potentialAction":[{"@type":"ReadAction","target":["https:\/\/www.kasafik.cz\/web\/produkt\/kasa-fik-hit-8\/"]}]},{"@type":"ImageObject","inLanguage":"cs","@id":"https:\/\/www.kasafik.cz\/web\/produkt\/kasa-fik-hit-8\/#primaryimage","url":"https:\/\/www.kasafik.cz\/web\/wp-content\/uploads\/2023\/10\/M8-new5-card-1-1.png","contentUrl":"https:\/\/www.kasafik.cz\/web\/wp-content\/uploads\/2023\/10\/M8-new5-card-1-1.png","width":1624,"height":1157},{"@type":"BreadcrumbList","@id":"https:\/\/www.kasafik.cz\/web\/produkt\/kasa-fik-hit-8\/#breadcrumb","itemListElement":[{"@type":"ListItem","position":1,"name":"Home","item":"https:\/\/www.kasafik.cz\/web\/cs\/"},{"@type":"ListItem","position":2,"name":"Shop","item":"https:\/\/www.kasafik.cz\/web\/cs\/shop\/"},{"@type":"ListItem","position":3,"name":"KASA FIK HIT 8&#8242; &#8211; Platebn\u00ed a pokladn\u00ed termin\u00e1l"}]},{"@type":"WebSite","@id":"https:\/\/www.kasafik.cz\/web\/#website","url":"https:\/\/www.kasafik.cz\/web\/","name":"KASA FIK","description":"","potentialAction":[{"@type":"SearchAction","target":{"@type":"EntryPoint","urlTemplate":"https:\/\/www.kasafik.cz\/web\/?s={search_term_string}"},"query-input":{"@type":"PropertyValueSpecification","valueRequired":true,"valueName":"search_term_string"}}],"inLanguage":"cs"}]}},"jetpack_sharing_enabled":true,"_links":{"self":[{"href":"https:\/\/www.kasafik.cz\/web\/wp-json\/wp\/v2\/product\/14408","targetHints":{"allow":["GET"]}}],"collection":[{"href":"https:\/\/www.kasafik.cz\/web\/wp-json\/wp\/v2\/product"}],"about":[{"href":"https:\/\/www.kasafik.cz\/web\/wp-json\/wp\/v2\/types\/product"}],"replies":[{"embeddable":true,"href":"https:\/\/www.kasafik.cz\/web\/wp-json\/wp\/v2\/comments?post=14408"}],"version-history":[{"count":16,"href":"https:\/\/www.kasafik.cz\/web\/wp-json\/wp\/v2\/product\/14408\/revisions"}],"predecessor-version":[{"id":19105,"href":"https:\/\/www.kasafik.cz\/web\/wp-json\/wp\/v2\/product\/14408\/revisions\/19105"}],"wp:featuredmedia":[{"embeddable":true,"href":"https:\/\/www.kasafik.cz\/web\/wp-json\/wp\/v2\/media\/18737"}],"wp:attachment":[{"href":"https:\/\/www.kasafik.cz\/web\/wp-json\/wp\/v2\/media?parent=14408"}],"wp:term":[{"taxonomy":"product_brand","embeddable":true,"href":"https:\/\/www.kasafik.cz\/web\/wp-json\/wp\/v2\/product_brand?post=14408"},{"taxonomy":"product_cat","embeddable":true,"href":"https:\/\/www.kasafik.cz\/web\/wp-json\/wp\/v2\/product_cat?post=14408"},{"taxonomy":"product_tag","embeddable":true,"href":"https:\/\/www.kasafik.cz\/web\/wp-json\/wp\/v2\/product_tag?post=14408"}],"curies":[{"name":"wp","href":"https:\/\/api.w.org\/{rel}","templated":true}]}}