{"id":996,"date":"2016-06-09T09:21:08","date_gmt":"2016-06-09T09:21:08","guid":{"rendered":"https:\/\/www.kasafik.cz\/web\/?page_id=996"},"modified":"2026-03-16T11:17:23","modified_gmt":"2026-03-16T11:17:23","slug":"kasa-fik-kontakt","status":"publish","type":"page","link":"https:\/\/www.kasafik.cz\/web\/sk\/kasa-fik-kontakt\/","title":{"rendered":"Kontakty"},"content":{"rendered":"<style>\n   .stores h5, .stores .h4{\n   font-weight: 300;\n   text-align: center;\n   }\n   .stores h5{\n   border-top: 1px solid silver;\n   padding: 0.4em;\n   }\n   .stores .col-md-4{\n   min-height: 230px;\n   }m\n   .stores{\n   }\n   .entry{\n   padding-bottom: 0;\n   }\n<\/style>\n<div class=\"container\">\n<div class=\"row\">\n<div class=\"col-md-12\">\n<h1 class=\"thin text-center\" style=\"margin-top: 1em;\">Info linka tel. <a href=\"tel:+4210277270010\"><strong>02\/772 700 10<\/strong><\/a><\/h1>\n<\/p><\/div>\n<div class=\"col-md-12\">\n<table class=\"table table-bordered\" style=\"margin-top: 2em;\">\n<tbody>\n<tr>\n<td class=\"text-center\" style=\"width: 120px; background-color: #7fb452; color: white; padding: 20px;\"><i class=\"material-icons\" style=\"font-size: 80px;\">cloud_done<\/i><\/td>\n<td>\n                     Na\u0161i servisn\u00ed a obchodn\u00ed partneri pon\u00fakaj\u00fa:<\/p>\n<ul class=\"list-unstyled\" style=\"font-size: 20px; font-family: 'Roboto', sans-serif;\">\n<li style=\"padding: 8px;\"><i class=\"material-icons\" style=\"color: #7fb452; font-size: 20px;\">check<\/i> Odborn\u00e9 poradenstvo, \u0161kolenia a in\u0161tal\u00e1ciu<\/li>\n<li style=\"padding: 8px;\"><i class=\"material-icons\" style=\"color: #7fb452; font-size: 20px;\">check<\/i> Predaj za rovnak\u00e9 ceny ako na eshope<\/li>\n<li style=\"padding: 8px;\"><i class=\"material-icons\" style=\"color: #7fb452; font-size: 20px;\">check<\/i> Servis a technick\u00fa podporu priamo v regi\u00f3ne<\/li>\n<\/ul>\n<\/td>\n<\/tr>\n<\/tbody>\n<\/table>\n<table class=\"table table-bordered hidden\" style=\"margin-top: 2em;\">\n<tbody>\n<tr>\n<td class=\"text-center\" style=\"width: 120px; background-color: orange; color: white; padding: 20px;\"><i class=\"material-icons\" style=\"font-size: 80px;\">live_help<\/i><\/td>\n<td>\n<h2>PREDAJCI<\/h2>\n<\/td>\n<td><input name=\"zip_code\" type=\"text\" placeholder=\"PS\u010c\" \/><\/td>\n<td>\n<div class=\"checkbox\"><label><input type=\"checkbox\" \/>eRecept<\/label><br \/>\n                        <label><input type=\"checkbox\" \/>Pokladna<\/label>\n                     <\/div>\n<\/td>\n<\/tr>\n<\/tbody>\n<\/table><\/div>\n<\/p><\/div>\n<\/div>\n<div class=\"container stores\" style=\"margin-top: 2em;\">\n<div class=\"row bg-info hidden\">\n<div class=\"col-md-12\">\n<form class=\"form-horizontal\">\n<div class=\"form-group\"><label for=\"exampleInputName2\">Zadejte PS\u010c: <\/label><br \/>\n               <input id=\"exampleInputName2\" class=\"form-control\" type=\"text\" placeholder=\"700 00\" \/>\n            <\/div>\n<p>            <button class=\"btn btn-default\" type=\"submit\">Naj\u00edt zastoupen\u00ed<\/button><br \/>\n         <\/form>\n<\/p><\/div>\n<\/p><\/div>\n<div class=\"col-md-6 col-xs-12 text-center\">\n<h5>Centr\u00e1la<\/h5>\n<h3>Bratislava<\/h3>\n<p>         KASA FIK SK s.r.o.<br \/>\n         tel. <a href=\"tel:+421277270010\">02\/772 700 10<\/a>\n      <\/div>\n<div class=\"col-md-6 col-xs-12 text-center\">\n<h5>Zast\u00fapenie<\/h5>\n<h3>Bratislava, Pezinok, Malacky, Stupava, Senec, Modra<\/h3>\n<p>      MUCHA s.r.o.<br \/>\n         tel. <a href=\"tel:+421903588688\">0903 588 688<\/a><br \/>\n<a href=\"https:\/\/cashier.sk\/ekasa\/kasa-fik\/\"> www.cashier.sk<\/a><br \/>\n<strong style=\"color: gold; font-size: 80%;\">\u2605 GOLD PARTNER \u2605<\/strong>\n      <\/div>\n<div class hidden=\"row\">\n<div class=\"col-md-4 col-xs-12 text-center\">\n<h5>Centr\u00e1la<\/h5>\n<h3>Bratislava<\/h3>\n<p>         KASA FIK SK s.r.o.<br \/>\n         tel. <a href=\"tel:+421277270010\">02\/772 700 10<\/a>\n      <\/div>\n<div class=\"col-md-4 col-xs-12 text-center\">\n<h5>Zast\u00fapenie<\/h5>\n<h3>Bratislava, Pezinok, Malacky, Stupava, Senec, Modra<\/h3>\n<p>      MUCHA s.r.o.<br \/>\n         tel. <a href=\"tel:+421903588688\">0903 588 688<\/a><br \/>\n<a href=\"https:\/\/cashier.sk\/ekasa\/kasa-fik\/\"> www.cashier.sk<\/a><br \/>\n<strong style=\"color: gold; font-size: 80%;\">\u2605 GOLD PARTNER \u2605<\/strong>\n      <\/div>\n<div class=\"col-md-4 col-xs-12 text-center\">\n<h5>Zast\u00fapenie<\/h5>\n<h3>\u017dilina, Pova\u017esk\u00e1 Bystrica, P\u00fachov<\/h3>\n<p>         Ing. Petr Pol\u00e1\u0161ek<br \/>\n         tel. <a class=\"phone\" href=\"tel:+421944 606 711\">0944 606 711<\/a><br \/>\n<strong style=\"color: gold; font-size: 80%;\">\u2605 GOLD PARTNER \u2605<\/strong>\n      <\/div>\n<div class=\"col-md-4 col-xs-12 text-center\">\n<h5>Zast\u00fapenie a Showroom<\/h5>\n<h3>B\u00e1novce nad Bebravou, Prievidza, Tren\u010d\u00edn<\/h3>\n<p>         <a href=\"http:\/\/www.euronics.sk\/predajne\/euronics-beres-elektro-banovce-nad-bebravou.html\"> BERE\u0160 Elektro<\/a><br \/>\nSl\u00e1dkovi\u010dova 726\/12, B\u00e1novce n. B.<br \/>\n         tel. <a class=\"phone\" href=\"tel:+421387602668\">038\/7602668 <\/a>\n      <\/div>\n<div class=\"col-md-4 col-xs-12 text-center\">\n<h5>Zast\u00fapenie<\/h5>\n<h3>\u010cadca, \u017dilina<\/h3>\n<p>         Petr Mare\u0161<br \/>\n         tel. <a class=\"phone\" href=\"tel:+421910317727\">0910 317 727<\/a><br \/>\n<strong style=\"color: gold; font-size: 80%;\">\u2605 GOLD PARTNER \u2605<\/strong>\n      <\/div>\n<div class=\"col-md-4 col-xs-12 text-center\">\n<h5>Zast\u00fapenie<\/h5>\n<h3>Bansk\u00e1 Bystrica<\/h3>\n<p>Vladim\u00edr Mesiarkin<br \/>\ntel. <a href=\"tel:+421903441087\">0903 441 087<\/a>\n      <\/div>\n<div class=\"col-md-4 col-xs-12 text-center\">\n<h5>Zast\u00fapenie a showroom<br \/>\n<\/h5>\n<h3>Poprad, Ke\u017emarok, Star\u00e1 \u013dubov\u0148a<\/h3>\n<p>        <a href=\"https:\/\/jursat.sk\/e-kasa---aktualne-ponuky.html\">Ladislav Jurdik JURsat COMPUTERS<\/a><br \/>\ntel. <a href=\"tel:+421524522367\">052\/452 23 67<\/a>\n      <\/div>\n<div class=\"col-md-4 col-xs-12 text-center\">\n<h5>Zast\u00fapenie a showroom<\/h5>\n<h3>Ko\u0161ice<\/h3>\n<p>         Milan Javornick\u00fd &#8211; KasCom<br \/>\n         \u0160t\u00farov\u00e1 \u010d.14<br \/>\ntel. <a href=\"tel:+421556220202\">055\/622 02 02<\/a>\n      <\/div>\n<div class=\"col-md-4 col-xs-12 text-center\">\n<h5>Zast\u00fapenie<\/h5>\n<h3>Zvolen, Krupina<\/h3>\n<p>         Jozef Brodniansky &#8211; BJK<br \/>\ntel. <a href=\"tel:+421905657018\">0905 657 018<\/a>\n      <\/div>\n<div class=\"col-md-4 col-xs-12 text-center\">\n<h5>Zast\u00fapenie<\/h5>\n<h3>Martin<\/h3>\n<p>MAX computers s.r.o.<br \/>\n        tel. <a href=\"tel:+421903153610\">0903 153 610<\/a>\n      <\/div>\n<div class=\"col-md-4 col-xs-12 text-center\">\n<h5>Zast\u00fapenie<\/h5>\n<h3>Myjava, Nov\u00e9 Mesto n. V\u00e1hom<\/h3>\n<p>Ervin Kov\u00e1cs KOMP<br \/>\nPartiz\u00e1nska 291\/17A, Myjava<br \/>\n        tel. <a href=\"tel:+421907647546\">0907 647 546<\/a> a <a href=\"tel:+421904647546\">0904 647 546<\/a>\n      <\/div>\n<div class=\"col-md-4 col-xs-12 text-center\">\n<h5>Zast\u00fapenie<\/h5>\n<h3>Liptovsk\u00fd Mikul\u00e1\u0161<\/h3>\n<p><a href=\"http:\/\/www.telcom.sk\/eKasa-system-KASA-FIK-a6_24.htm\">Telcom s.r.o.<\/a><br \/>\nGarbiarska 905, Liptovsk\u00fd Mikul\u00e1\u0161<br \/>\n        tel. <a href=\"tel:+421903948949\">0903 948 949<\/a> a <a href=\"tel:+421950428825\">0950 428 825<\/a>\n      <\/div>\n<div class=\"col-md-4 col-xs-12 text-center\">\n<h5>Zast\u00fapenie a showroom<\/h5>\n<h3>Nitra, Topo\u013e\u010dany, Kom\u00e1rno, Dunajsk\u00e1 Streda, Nov\u00e9 Z\u00e1mky<\/h3>\n<p>         <a href=\"http:\/\/www.e-vahy.eu\/index.php\/sk\/ekasa-pokladnice\/75-ekasa-pos-pokladnice\/329-fiskalne-registracne-pokladnice-kasa-fik\">Rudolf Min\u00e1rik ELVA Servis<\/a><br \/>\nF\u00e1ndlyho 1, Nitra<br \/>\ntel. <a href=\"tel:+421 37 65561 20\">037\/655 61 20<\/a>\n      <\/div>\n<div class=\"col-md-4 col-xs-12 text-center\">\n<h5>Zast\u00fapenie a Showroom<\/h5>\n<h3>Ko\u0161ice a Pre\u0161ov<\/h3>\n<p><a href=\"http:\/\/smartkasa.sk\/product-category\/kasa-fik\/\">Mobile Care s.r.o.<\/a><br \/>\n         Ju\u017en\u00e1 trieda 8, Ko\u0161ice<br \/>\ntel. <a href=\"tel:+421918450679\">0918 450 679<\/a>\n      <\/div>\n<div class=\"col-md-4 col-xs-12 text-center\">\n<h5>Zast\u00fapenie<\/h5>\n<h3>Levice<\/h3>\n<p>        ITech Co, s.r.o.<br \/>\nJ. \u0160vermu 28, Levice<br \/>\ntel. <a href=\"tel:+421366333070\">036\/6 333 070<\/a> a <a href=\"tel:+421903959381\">0903 959 381<\/a>\n      <\/div>\n<div class=\"col-md-4 col-xs-12 text-center\">\n<h5>Zast\u00fapenie a showroom<\/h5>\n<h3>Ru\u017eomberok, Doln\u00fd Kub\u00edn<\/h3>\n<p><a href=\"https:\/\/www.e-pokladna.sk\/shop\/83-kasa-fik\">AJBIS s.r.o.<\/a><\/p>\n<p>tel. <a href=\"tel:+421905609930 \">0905 609 930<\/a>\n      <\/div>\n<div class=\"col-md-4 col-xs-12 text-center\">\n<h5>Zast\u00fapenie a showroom<\/h5>\n<h3>Senica,Myjava<\/h3>\n<p>         Ing. Peter \u0160vec &#8211; Atis<br \/>\n         tel. <a href=\"tel:+4213465741311\">034\/657 41 31<\/a>\n      <\/div>\n<div class=\"col-md-4 col-xs-12 text-center\">\n<h5>Zast\u00fapenie<\/h5>\n<h3>Trnava<\/h3>\n<p>        WARE SOLUTIONS s.r.o.<br \/>\ntel. <a href=\"tel:+421905536044 \">0905 536 044<\/a>\n      <\/div>\n<div class=\"col-md-4 col-xs-12 text-center\">\n<h5>Zast\u00fapenie<\/h5>\n<h3>Michalovce, Humenn\u00e9, Trebi\u0161ov<\/h3>\n<p>        RodoComp s.r.o.<br \/>\nPas\u00e1\u017e 4, Michalovce<br \/>\ntel. <a href=\"tel:+421566424183\">056\/64 241 83<\/a>\n      <\/div>\n<div class=\"col-md-4 col-xs-12 text-center\">\n<h5>Zast\u00fapenie<\/h5>\n<h3>Moldava n.B., Ro\u017e\u0148ava<\/h3>\n<p><a href=\"http:\/\/www.ka-comp.sk\/\">Karol Krumphanzl, KA-COMP<\/a><br \/>\n        Karol Krumphanzl, KA-COMP<br \/>\ntel. <a href=\"tel:+421911397609\">0911 397 609<\/a>\n      <\/div>\n<div class=\"col-md-4 col-xs-12 text-center\">\n<h5>Zast\u00fapenie<\/h5>\n<h3>Topo\u013e\u010dany, Partiz\u00e1nske<\/h3>\n<p>        SCODE s.r.o.<br \/>\n        Obchodn\u00e1 1, Topo\u013e\u010dany<br \/>\ntel. <a href=\"tel:+421908884146 \">0908 884 146<\/a>\n      <\/div>\n<div class=\"col-md-4 col-xs-12 text-center hidden\">\n         Nena\u0161li jste prodejce v okol\u00ed? Zkuste na\u0161i mapku s v\u00edce jak 100 prodejn\u00edmi m\u00edsty.<br \/>\n         <a class=\"btn btn-primary btn-lg line\" style=\"width: 100%;\" href=\"http:\/\/shop.kasafik.cz\/cs\/stores\">Mapa partner\u016f<\/a>\n      <\/div>\n<\/p><\/div>\n<\/div>\n<div class=\"container\">\n<h2 class=\"thin text-center\" style=\"margin-top: 2em;\">S \u010d\u00edm potrebujete pomoc?<\/h2>\n<div class=\"row\" style=\"margin-top: 2em; margin-bottom: 2em;\">\n<div class=\"col-md-4 hidden\"><a class=\"btn btn-primary btn-lg line\" style=\"width: 100%;\" href=\"http:\/\/shop.kasafik.cz\/cs\/stores\">S\u00ed\u0165 partner\u016f po cel\u00e9 \u010cR<\/a><\/div>\n<div class=\"col-md-6\"><a class=\"btn btn-warning btn-lg line\" style=\"width: 100%;\" href=\"\/web\/cs\/servis\/\">Servisn\u00e1 n\u00e1poveda<\/a><\/div>\n<div class=\"col-md-6 text-center\"><button id=\"orange-bottom-large\" style=\"width: 100%;\" class=\"btn btn-success btn-lg line chat-online btn-default\" onclick=\"openChat(this);\"><i class=\"material-icons\" style=\"margin-right: 8px; font-size: 18px;\">message<\/i>ONLINE CHAT SO \u0160PECIALISTOM<\/button><\/div>\n<\/p><\/div>\n<\/div>\n<div class=\"container-fluid two light\" style=\"margin-top: 2em; background-size: cover; background-repeat: no-repeat; background-position: right center; background-image: url('\/web\/wp-content\/uploads\/2016\/07\/kasafik-tablet-home-bg.jpg'); min-height: 326px;\">\n<div class=\"container\">\n<div class=\"row\">\n<div class=\"vcard\">\n<address class=\"col-md-6 adr\" style=\"line-height: 200%;\">\n<h2 class=\"fn\" style=\"color: white; margin-top: 2em;\">KASA FIK SK s.r.o.<\/h2>\n<p>               S\u00eddlo spole\u010dnosti<br \/>\n               <span class=\"street-address\">Vienna Gate<br \/>Kop\u010diansk\u00e1 10<\/span><br \/><span class=\"locality\">Bratislava<\/span> <span class=\"postcode\">851 01<\/span><br \/>\n               <span class=\"\">I\u010c: 52254127  DI\u010c: 2120962668 I\u010c DPH: SK2120962668<\/span><br \/>\n               <span class=\"bank-account\">Bankovn\u00ed spojen\u00ed: Fio Banka: 2701610687\/8330<br \/>\n               <\/span><\/p>\n<hr \/>\n<p>               <img decoding=\"async\" class=\"alignnone size-full wp-image-680 img-responsive\" style=\"max-height: 300px; border: 3px solid black;\" src=\"\/web\/wp-content\/uploads\/2019\/02\/vienna-gate.jpg\"\/><br \/>\n            <\/address>\n<address class=\"col-md-6 adr\" style=\"line-height: 200%;\">\n<h2 class=\"fn\" style=\"color: white; margin-top: 2em;\">KASA FIK s.r.o.<\/h2>\n<p>               C 89176 veden\u00e1 u Krajsk\u00e9ho soudu v Brn\u011b<br \/>\n               <span class=\"street-address\">Kamen\u00ed\u010dkova 1114\/2<\/span> <span class=\"locality\">Brno<\/span> <span class=\"postcode\">616 00<\/span><br \/>\n               I\u010c: 04286324 DI\u010c: CZ04286324<br \/>\n               <span class=\"bank-account\">Bankovn\u00ed spojen\u00ed: Fio Banka: 2500835361\/2010<br \/>\n               <\/span><\/p>\n<hr \/>\n<p>               <img decoding=\"async\" class=\"alignnone size-full wp-image-680 img-responsive\" style=\"max-height: 300px; border: 3px solid black;\" src=\"\/web\/wp-content\/uploads\/2018\/06\/office-kasafik-kamenickova.jpg\" alt=\"KASA FIK Kamen\u00ed\u010dkova S\u00eddlo Pobo\u010dka\" \/><br \/>\n            <\/address>\n<\/p><\/div>\n<div class=\"row\">\n<div class=\"col-md-6\">\n<form class=\"form-horizontal\" action=\"\/web\/contact-form.php\" method=\"post\">\n<h2 class=\"thin text-center\" style=\"margin-top: 2em; color: white;\">Kontaktn\u00fd formul\u00e1r<\/h2>\n<div class=\"form-group\">\n                     <input class=\"hidden\" name=\"DATA[EMAIL_ADDRESS]\" type=\"text\" value=\"\" \/><br \/>\n                     <input name=\"SOURCE\" type=\"hidden\" value=\"kasafik-kontakty\" \/><br \/>\n                     <label class=\"col-sm-4 control-label\" for=\"inputEmail3\">Email<\/label><\/p>\n<div class=\"col-sm-8\"><input id=\"inputEmail3\" class=\"form-control\" name=\"DATA[EMAIL]\" type=\"email\" placeholder=\"Email\" \/><\/div>\n<\/p><\/div>\n<div class=\"form-group\">\n                     <label class=\"col-sm-4 control-label\" for=\"inputName\">Meno<\/label><\/p>\n<div class=\"col-sm-8\"><input id=\"inputName\" class=\"form-control\" name=\"DATA[NAME]\" type=\"text\" placeholder=\"Meno\" \/><\/div>\n<\/p><\/div>\n<div class=\"form-group\">\n                     <label class=\"col-sm-4 control-label\" for=\"inputCompany\">Firma<\/label><\/p>\n<div class=\"col-sm-8\"><input id=\"inputCompany\" class=\"form-control\" name=\"DATA[COMPANY]\" type=\"text\" placeholder=\"Firma\" \/><\/div>\n<\/p><\/div>\n<div class=\"form-group\">\n                     <label class=\"col-sm-4 control-label\" for=\"inputPsc\">PS\u010c<\/label><\/p>\n<div class=\"col-sm-8\"><input id=\"inputPsc\" class=\"form-control\" name=\"DATA[ZIP]\" type=\"text\" placeholder=\"PS\u010c prev\u00e1dzky\" \/><\/div>\n<\/p><\/div>\n<div class=\"form-group\">\n                     <label class=\"col-sm-4 control-label\" for=\"inputPhone\">Telef\u00f3n<\/label><\/p>\n<div class=\"col-sm-8\"><input id=\"inputPhone\" class=\"form-control\" name=\"DATA[PHONE]\" type=\"text\" placeholder=\"Telef\u00f3n\" \/><\/div>\n<\/p><\/div>\n<div class=\"form-group\">\n                     <label class=\"col-sm-4 control-label\" for=\"inputText\">Spr\u00e1va<\/label><\/p>\n<div class=\"col-sm-8\"><textarea id=\"inputText\" class=\"form-control\" name=\"DATA[COMMENTS]\" rows=\"3\"><\/textarea><\/div>\n<\/p><\/div>\n<div class=\"form-group\">\n<div class=\"col-sm-offset-4 col-sm-8\"><button class=\"btn btn-success line\" type=\"submit\">Odosla\u0165<\/button><\/div>\n<\/p><\/div>\n<\/p><\/form>\n<\/p><\/div>\n<\/p><\/div>\n<\/p><\/div>\n<\/p><\/div>\n<\/div>\n<div class=\"container-fluid hidden\" style=\"background-color: #f3f3f3; margin-bottom: 0;\">\n<div class=\"container\">\n<div class=\"row\">\n<h2 class=\"thin text-center\" style=\"padding: 0.5em; margin-top: 2em;\">Partnersk\u00e1 s\u00ed\u0165<\/h2>\n<h3 class=\"thin text-center\">N\u00e1kup produkt\u016f, instalace a servis m\u016f\u017eete poptat u na\u0161ich partner\u016f.<\/h3>\n<hr \/>\n<div class=\"col-md-6\"><a href=\"http:\/\/shop.kasafik.cz\/cs\/stores\"><img decoding=\"async\" class=\"alignright size-medium wp-image-2411\" src=\"\/web\/wp-content\/uploads\/2015\/08\/partnerska-sit-kasa-fik.png\" alt=\"kasa-fik-partneri\" width=\"400\" \/><\/a><\/div>\n<div class=\"col-md-6\">\n<h3 class=\"thin\">Interaktivn\u00ed mapa<\/h3>\n<p>            <a href=\"http:\/\/shop.kasafik.cz\/cs\/stores\">Vyu\u017eijte na\u0161i interaktivn\u00ed mapy zde<\/a><br \/>\n            M\u00e1me nejv\u011bt\u0161\u00ed prodejn\u00ed s\u00ed\u0165 v \u010cR! Servis, instalace i poradenstv\u00ed p\u0159\u00edmo v regionu specialisty na pokladny a IT. Profesion\u00e1lov\u00e9 doporu\u010duj\u00ed KASA FIK. D\u016fv\u011b\u0159uje n\u00e1m v\u00edce jak 100 partner\u016f &#8211; to nen\u00ed n\u00e1hoda.\n         <\/div>\n<div class=\"col-md-6\" style=\"display: none;\"><img fetchpriority=\"high\" decoding=\"async\" class=\"aligncenter size-full wp-image-2692 img-responsive\" src=\"\/web\/wp-content\/uploads\/2015\/08\/partnerska-sit-kasa-fik.png\" alt=\"partnerska-sit-kasa-fik\" width=\"604\" height=\"389\" srcset=\"https:\/\/www.kasafik.cz\/web\/wp-content\/uploads\/2015\/08\/partnerska-sit-kasa-fik.png 604w, https:\/\/www.kasafik.cz\/web\/wp-content\/uploads\/2015\/08\/partnerska-sit-kasa-fik-600x386.png 600w, https:\/\/www.kasafik.cz\/web\/wp-content\/uploads\/2015\/08\/partnerska-sit-kasa-fik-300x193.png 300w\" sizes=\"(max-width: 604px) 100vw, 604px\" \/><\/div>\n<div class=\"col-md-12\">\n            <select id=\"partnerregionselector\" style=\"display: none;\"><option value=\"CZ-PR\">Hlavn\u00ed m\u011bsto Praha<\/option><option value=\"CZ-ST\">St\u0159edo\u010desk\u00fd<\/option><option value=\"CZ-JC\">Jiho\u010desk\u00fd<\/option><option value=\"CZ-PL\">Plze\u0148sk\u00fd<\/option><option value=\"CZ-KA\">Karlovarsk\u00fd<\/option><option value=\"CZ-US\">\u00dasteck\u00fd<\/option><option value=\"CZ-LI\">Libereck\u00fd<\/option><option value=\"CZ-KR\">Kr\u00e1lov\u00e9hradeck\u00fd<\/option><option value=\"CZ-PA\">Pardubick\u00fd<\/option><option value=\"CZ-OL\">Olomouck\u00fd<\/option><option value=\"CZ-MO\">Moravskoslezsk\u00fd<\/option><option selected=\"selected\" value=\"CZ-JM\">Jihomoravsk\u00fd<\/option><option value=\"CZ-ZL\">Zl\u00ednsk\u00fd<\/option><option value=\"CZ-VY\">Kraj Vyso\u010dina<\/option><\/select>\n         <\/div>\n<\/p><\/div>\n<\/p><\/div>\n<\/div>\n<div class=\"container-fluid\" style=\"padding: 0; display: none;\">\n<div class=\"row\">\n<div class=\"col-md-12\"><iframe src=\"https:\/\/www.google.com\/maps\/embed?pb=!1m18!1m12!1m3!1d2606.531206868049!2d16.5796518159465!3d49.20945208387712!2m3!1f0!2f0!3f0!3m2!1i1024!2i768!4f13.1!3m3!1m2!1s0x4712943d468a6087%3A0x416240592be34245!2zS2FtZW7DrcSNa292YSAxMTE0LzIsIDYxNiAwMCBCcm5vLcW9YWJvdsWZZXNreQ!5e0!3m2!1sen!2scz!4v1529907482186\" width=\"98%\" height=\"220\" frameborder=\"0\" style=\"border:0\" allowfullscreen><\/iframe><\/div>\n<\/p><\/div>\n<\/div>\n","protected":false},"excerpt":{"rendered":"<p>Info linka tel. 02\/772 700 10 cloud_done Na\u0161i servisn\u00ed a obchodn\u00ed partneri pon\u00fakaj\u00fa: check Odborn\u00e9 poradenstvo, \u0161kolenia a in\u0161tal\u00e1ciu check Predaj za rovnak\u00e9 ceny ako na eshope check Servis a technick\u00fa podporu priamo v regi\u00f3ne live_help PREDAJCI eRecept Pokladna Zadejte PS\u010c: Naj\u00edt zastoupen\u00ed Centr\u00e1la Bratislava KASA FIK SK s.r.o. tel. 02\/772 700 10 Zast\u00fapenie Bratislava, [&hellip;]<\/p>\n","protected":false},"author":1,"featured_media":0,"parent":0,"menu_order":0,"comment_status":"closed","ping_status":"closed","template":"page-templates\/full-width.php","meta":{"footnotes":""},"class_list":["post-996","page","type-page","status-publish","hentry"],"yoast_head":"<!-- This site is optimized with the Yoast SEO plugin v27.4 - https:\/\/yoast.com\/product\/yoast-seo-wordpress\/ -->\n<title>KASA FIK - Kontakty na predajn\u00fdch a servisn\u00fdch technikov<\/title>\n<meta name=\"description\" content=\"KASA FIK kontakty s\u00fa V\u00e1m ihne\u010f po ruke. M\u00e1me predajn\u00fa a servisn\u00fa sie\u0165 po celom Slovensku. Nev\u00e1hajte sa obr\u00e1ti\u0165 na na\u0161ich odborn\u00edkov.\" \/>\n<meta name=\"robots\" content=\"index, follow, max-snippet:-1, max-image-preview:large, max-video-preview:-1\" \/>\n<link rel=\"canonical\" href=\"https:\/\/www.kasafik.cz\/web\/sk\/kasa-fik-kontakt\/\" \/>\n<meta property=\"og:locale\" content=\"cs_CZ\" \/>\n<meta property=\"og:type\" content=\"article\" \/>\n<meta property=\"og:title\" content=\"KASA FIK - Kontakty na predajn\u00fdch a servisn\u00fdch technikov\" \/>\n<meta property=\"og:description\" content=\"KASA FIK kontakty s\u00fa V\u00e1m ihne\u010f po ruke. M\u00e1me predajn\u00fa a servisn\u00fa sie\u0165 po celom Slovensku. Nev\u00e1hajte sa obr\u00e1ti\u0165 na na\u0161ich odborn\u00edkov.\" \/>\n<meta property=\"og:url\" content=\"https:\/\/www.kasafik.cz\/web\/sk\/kasa-fik-kontakt\/\" \/>\n<meta property=\"og:site_name\" content=\"KASA FIK\" \/>\n<meta property=\"article:modified_time\" content=\"2026-03-16T11:17:23+00:00\" \/>\n<meta name=\"twitter:card\" content=\"summary_large_image\" \/>\n<meta name=\"twitter:label1\" content=\"Odhadovan\u00e1 doba \u010dten\u00ed\" \/>\n\t<meta name=\"twitter:data1\" content=\"4 minuty\" \/>\n<script type=\"application\/ld+json\" class=\"yoast-schema-graph\">{\"@context\":\"https:\\\/\\\/schema.org\",\"@graph\":[{\"@type\":\"WebPage\",\"@id\":\"https:\\\/\\\/www.kasafik.cz\\\/web\\\/sk\\\/kasa-fik-kontakt\\\/\",\"url\":\"https:\\\/\\\/www.kasafik.cz\\\/web\\\/sk\\\/kasa-fik-kontakt\\\/\",\"name\":\"KASA FIK - Kontakty na predajn\u00fdch a servisn\u00fdch technikov\",\"isPartOf\":{\"@id\":\"https:\\\/\\\/www.kasafik.cz\\\/web\\\/#website\"},\"datePublished\":\"2016-06-09T09:21:08+00:00\",\"dateModified\":\"2026-03-16T11:17:23+00:00\",\"description\":\"KASA FIK kontakty s\u00fa V\u00e1m ihne\u010f po ruke. M\u00e1me predajn\u00fa a servisn\u00fa sie\u0165 po celom Slovensku. Nev\u00e1hajte sa obr\u00e1ti\u0165 na na\u0161ich odborn\u00edkov.\",\"breadcrumb\":{\"@id\":\"https:\\\/\\\/www.kasafik.cz\\\/web\\\/sk\\\/kasa-fik-kontakt\\\/#breadcrumb\"},\"inLanguage\":\"cs\",\"potentialAction\":[{\"@type\":\"ReadAction\",\"target\":[\"https:\\\/\\\/www.kasafik.cz\\\/web\\\/sk\\\/kasa-fik-kontakt\\\/\"]}]},{\"@type\":\"BreadcrumbList\",\"@id\":\"https:\\\/\\\/www.kasafik.cz\\\/web\\\/sk\\\/kasa-fik-kontakt\\\/#breadcrumb\",\"itemListElement\":[{\"@type\":\"ListItem\",\"position\":1,\"name\":\"Home\",\"item\":\"https:\\\/\\\/origin.kasafik.cz\\\/web\\\/cs\\\/\"},{\"@type\":\"ListItem\",\"position\":2,\"name\":\"Kontakty\"}]},{\"@type\":\"WebSite\",\"@id\":\"https:\\\/\\\/www.kasafik.cz\\\/web\\\/#website\",\"url\":\"https:\\\/\\\/www.kasafik.cz\\\/web\\\/\",\"name\":\"KASA FIK\",\"description\":\"\",\"potentialAction\":[{\"@type\":\"SearchAction\",\"target\":{\"@type\":\"EntryPoint\",\"urlTemplate\":\"https:\\\/\\\/www.kasafik.cz\\\/web\\\/?s={search_term_string}\"},\"query-input\":{\"@type\":\"PropertyValueSpecification\",\"valueRequired\":true,\"valueName\":\"search_term_string\"}}],\"inLanguage\":\"cs\"}]}<\/script>\n<!-- \/ Yoast SEO plugin. -->","yoast_head_json":{"title":"KASA FIK - Kontakty na predajn\u00fdch a servisn\u00fdch technikov","description":"KASA FIK kontakty s\u00fa V\u00e1m ihne\u010f po ruke. M\u00e1me predajn\u00fa a servisn\u00fa sie\u0165 po celom Slovensku. Nev\u00e1hajte sa obr\u00e1ti\u0165 na na\u0161ich odborn\u00edkov.","robots":{"index":"index","follow":"follow","max-snippet":"max-snippet:-1","max-image-preview":"max-image-preview:large","max-video-preview":"max-video-preview:-1"},"canonical":"https:\/\/www.kasafik.cz\/web\/sk\/kasa-fik-kontakt\/","og_locale":"cs_CZ","og_type":"article","og_title":"KASA FIK - Kontakty na predajn\u00fdch a servisn\u00fdch technikov","og_description":"KASA FIK kontakty s\u00fa V\u00e1m ihne\u010f po ruke. M\u00e1me predajn\u00fa a servisn\u00fa sie\u0165 po celom Slovensku. Nev\u00e1hajte sa obr\u00e1ti\u0165 na na\u0161ich odborn\u00edkov.","og_url":"https:\/\/www.kasafik.cz\/web\/sk\/kasa-fik-kontakt\/","og_site_name":"KASA FIK","article_modified_time":"2026-03-16T11:17:23+00:00","twitter_card":"summary_large_image","twitter_misc":{"Odhadovan\u00e1 doba \u010dten\u00ed":"4 minuty"},"schema":{"@context":"https:\/\/schema.org","@graph":[{"@type":"WebPage","@id":"https:\/\/www.kasafik.cz\/web\/sk\/kasa-fik-kontakt\/","url":"https:\/\/www.kasafik.cz\/web\/sk\/kasa-fik-kontakt\/","name":"KASA FIK - Kontakty na predajn\u00fdch a servisn\u00fdch technikov","isPartOf":{"@id":"https:\/\/www.kasafik.cz\/web\/#website"},"datePublished":"2016-06-09T09:21:08+00:00","dateModified":"2026-03-16T11:17:23+00:00","description":"KASA FIK kontakty s\u00fa V\u00e1m ihne\u010f po ruke. M\u00e1me predajn\u00fa a servisn\u00fa sie\u0165 po celom Slovensku. Nev\u00e1hajte sa obr\u00e1ti\u0165 na na\u0161ich odborn\u00edkov.","breadcrumb":{"@id":"https:\/\/www.kasafik.cz\/web\/sk\/kasa-fik-kontakt\/#breadcrumb"},"inLanguage":"cs","potentialAction":[{"@type":"ReadAction","target":["https:\/\/www.kasafik.cz\/web\/sk\/kasa-fik-kontakt\/"]}]},{"@type":"BreadcrumbList","@id":"https:\/\/www.kasafik.cz\/web\/sk\/kasa-fik-kontakt\/#breadcrumb","itemListElement":[{"@type":"ListItem","position":1,"name":"Home","item":"https:\/\/origin.kasafik.cz\/web\/cs\/"},{"@type":"ListItem","position":2,"name":"Kontakty"}]},{"@type":"WebSite","@id":"https:\/\/www.kasafik.cz\/web\/#website","url":"https:\/\/www.kasafik.cz\/web\/","name":"KASA FIK","description":"","potentialAction":[{"@type":"SearchAction","target":{"@type":"EntryPoint","urlTemplate":"https:\/\/www.kasafik.cz\/web\/?s={search_term_string}"},"query-input":{"@type":"PropertyValueSpecification","valueRequired":true,"valueName":"search_term_string"}}],"inLanguage":"cs"}]}},"jetpack_sharing_enabled":true,"_links":{"self":[{"href":"https:\/\/www.kasafik.cz\/web\/wp-json\/wp\/v2\/pages\/996","targetHints":{"allow":["GET"]}}],"collection":[{"href":"https:\/\/www.kasafik.cz\/web\/wp-json\/wp\/v2\/pages"}],"about":[{"href":"https:\/\/www.kasafik.cz\/web\/wp-json\/wp\/v2\/types\/page"}],"author":[{"embeddable":true,"href":"https:\/\/www.kasafik.cz\/web\/wp-json\/wp\/v2\/users\/1"}],"replies":[{"embeddable":true,"href":"https:\/\/www.kasafik.cz\/web\/wp-json\/wp\/v2\/comments?post=996"}],"version-history":[{"count":15,"href":"https:\/\/www.kasafik.cz\/web\/wp-json\/wp\/v2\/pages\/996\/revisions"}],"predecessor-version":[{"id":19107,"href":"https:\/\/www.kasafik.cz\/web\/wp-json\/wp\/v2\/pages\/996\/revisions\/19107"}],"wp:attachment":[{"href":"https:\/\/www.kasafik.cz\/web\/wp-json\/wp\/v2\/media?parent=996"}],"curies":[{"name":"wp","href":"https:\/\/api.w.org\/{rel}","templated":true}]}}