{"id":9004,"date":"2019-07-11T10:49:23","date_gmt":"2019-07-11T10:49:23","guid":{"rendered":"https:\/\/origin.kasafik.cz\/web\/?page_id=9004"},"modified":"2020-11-24T12:35:12","modified_gmt":"2020-11-24T12:35:12","slug":"ekasa-restauracie-hit-xl","status":"publish","type":"page","link":"https:\/\/www.kasafik.cz\/web\/sk\/ekasa-restauracie-hit-xl\/","title":{"rendered":"Pokladni\u010dn\u00fd syst\u00e9m HIT XL"},"content":{"rendered":"<div id=\"btfe\" class=\"container-fluid two\" style=\"background-size: cover; background-repeat: no-repeat; background-position: right center; background-image: url(https:\/\/origin.kasafik.cz\/web\/wp-content\/uploads\/2020\/11\/biele-pozadie-hit-sk.png); background-color: #f1771d; min-height: 550px; padding-top: 100px;\">\n<div class=\"container\">\n<div class=\"row\">\n<div class=\"col-md-7 text-center\" style=\"padding-top: 3em;\">\n<h1 class=\"thin\" style=\"margin-top: 2em; font-size: 48px;\">KASA FIK <strong class=\"red\"><span style=\"background-color: red; color: white; padding-left: 8px; padding-right: 8px; margin-left: 4px;\">HIT XL<\/span><\/strong><\/h1>\n<h3 class=\"thin\" style=\"border-top: 1px solid white; padding-top: 0.5em;\">Profesion\u00e1lna eKasa pre re\u0161taur\u00e1cie, kaviarne, gastron\u00f3miu a najviac vy\u0165a\u017een\u00e9 prev\u00e1dzky.<\/h3>\n<h4 class=\"thin\" style=\"margin-top: 2em;\"><em>Luxusn\u00e1 pokladnica so 14&#8242; dotykov\u00fdm displejom a z\u00e1kazn\u00edckym displejom. <\/em><\/h4>\n<\/p><\/div>\n<div class=\"col-md-5\"><img decoding=\"async\" class hidden=\"aligncenter size-full wp-image-3388 img-responsive\" src=\"\/web\/wp-content\/uploads\/2019\/07\/kasafik-hit-xl-14.png\" alt=\"eKasa poklad\u0148a HIT XL pre re\u0161taur\u00e1cie a kaviarne\" \/><\/div>\n<\/p><\/div>\n<\/p><\/div>\n<\/div>\n<div class=\"container\">\n<div class=\"row\">\n<div class=\"col-md-5 text-center\"><img decoding=\"async\" class=\"aligncenter size-large wp-image-3401 img-responsive\" style=\"max-height: 400px; margin: 30px;\" src=\"\/web\/wp-content\/uploads\/2017\/11\/kasafik-hit-xl-back.jpg\" alt=\"eKasa poklad\u0148a HIT XL pre re\u0161tau\u00e1cie so z\u00e1kazn\u00edckym displejom\" \/><\/div>\n<div class=\"col-md-7 text-center\">\n<h2 class=\"thin\" style=\"margin-top: 1em; margin-bottom: 0.5em; border-bottom: 1px solid gray; \">V\u0161etko \u010do potrebujete pre re\u0161taur\u00e1ciu a vy\u0165a\u017een\u00e9 prev\u00e1dzky<\/h2>\n<ul class=\"list-unstyled materialcheck text-left\" style=\"border-top: 1px solid white; padding-top: 1.2em;\">\n<li><i class=\"material-icons\">chevron_right<\/i><span><strong>Zariadenie eKasa pre re\u0161taur\u00e1cie, kaviarne a v\u0161etky gastro prev\u00e1dzky<\/strong><\/li>\n<li><i class=\"material-icons\">chevron_right<\/i><span>Spo\u013eahliv\u00e9, profesion\u00e1lne zariadenie<\/li>\n<li><i class=\"material-icons\">chevron_right<\/i><span>Vystavenie \u00fa\u010dtenky do 2 sek\u00fand<\/li>\n<li><i class=\"material-icons\">chevron_right<\/i><span>Kvalitn\u00e1 a s\u00fdta tla\u010d blo\u010dku<\/li>\n<li><i class=\"material-icons\">chevron_right<\/i><span><strong>Predin\u0161talovan\u00e1 aplik\u00e1cia KASA FIK<\/strong><\/li>\n<li><i class=\"material-icons\">chevron_right<\/i><span>Integrovan\u00e1 term\u00e1lna 80 mm tla\u010diare\u0148<strong> s automatickou reza\u010dkou<\/strong><\/li>\n<li><i class=\"material-icons\">chevron_right<\/i><span>Zabudovan\u00fd LCD z\u00e1kazn\u00edcky displej<\/li>\n<li><i class=\"material-icons\">chevron_right<\/i><span>Bluetooth<\/li>\n<li><i class=\"material-icons\">chevron_right<\/i><span>Roz\u0161iruj\u00face konektory pre perif\u00e9rie<\/li>\n<li><i class=\"material-icons\">chevron_right<\/i><span>Krytie IP54 proti vode<\/li>\n<\/ul><\/div>\n<\/p><\/div>\n<\/div>\n<p><!--more--><\/p>\n<div class=\"container\" style=\"background-size: 100% auto; min-height: 260px; padding-bottom: 2em;\">\n<div class=\"row\">\n<h2 class=\"thin text-center\" style=\"margin-top: 1em; margin-bottom: 0.5em; \"><strong>HIT XL<\/strong> najlep\u0161ia vo\u013eba pre re\u0161taur\u00e1cie a vy\u0165a\u017een\u00e9 prev\u00e1dzky<\/h2>\n<div class=\"col-md-7 text-center\" style=\"padding-left: 1em;\">\n<p>Pre profesion\u00e1lny predaj m\u00f4\u017eete svoju pokladnicu doplni\u0165 \u010fal\u0161\u00edm pr\u00edslu\u0161enstvom, ktor\u00e9 v\u00e1m zjednodu\u0161\u00ed pr\u00e1cu. Podnikajte e\u0161te efekt\u00edvnej\u0161ie a dopl\u0148te k svojej novej pokladnici u\u017eito\u010dn\u00e9 roz\u0161\u00edrenia.<\/p>\n<ul class=\"list-unstyled materialcheck text-left\" style=\"border-top: 1px solid white; padding-top: 1.2em;\">\n<li style=\"list-style-type: none;\">\n<ul class=\"list-unstyled materialcheck text-left\" style=\"border-top: 1px solid white; padding-top: 1.2em;\">\n<li><i class=\"material-icons\">chevron_right<\/i><span><strong><u>HIT XL je roz\u0161\u00edrite\u013en\u00fd o:<\/u><\/strong><\/li>\n<li><i class=\"material-icons\">chevron_right<\/i><span><a href=\"https:\/\/origin.kasafik.cz\/web\/sk\/platobny-terminal-sumup\/\">Platobn\u00fd termin\u00e1l SumUp<\/a><\/li>\n<li><i class=\"material-icons\">chevron_right<\/i><span>USB alebo Bluetooth \u010d\u00edta\u010dka \u010diarov\u00fdch k\u00f3dov<\/li>\n<li><i class=\"material-icons\">chevron_right<\/i><span>Pokladni\u010dn\u00e1 z\u00e1suvka<\/li>\n<li><i class=\"material-icons\">chevron_right<\/i><span>Volite\u013en\u00fd skladov\u00fd syst\u00e9m<\/li>\n<li><i class=\"material-icons\">chevron_right<\/i><span>Online webov\u00fa spr\u00e1vu<\/li>\n<li><i class=\"material-icons\">chevron_right<\/i><span>Od\u0165a\u017eovanie skladov a recept\u00fary<\/li>\n<li><i class=\"material-icons\">chevron_right<\/i><span>Grafick\u00e1 mapa stolov<\/li>\n<li><i class=\"material-icons\">chevron_right<\/i><span>Prihlasovanie a doch\u00e1dzka zamestnancov<\/li>\n<\/ul>\n<\/li>\n<\/ul><\/div>\n<div class=\"col-md-5 text-center\"><img decoding=\"async\" class=\"aligncenter size-full wp-image-3405 img-responsive\" style=\"max-height: 384px;\" src=\"\/web\/wp-content\/uploads\/2018\/05\/kasafik-devices.png\" alt=\"3 typy pokladn\u00edc KASA FIK pre re\u0161taur\u00e1cie\" \/><\/div>\n<\/p><\/div>\n<div class=\"container\">\n<div class=\"row\">\n<style>\n         #pricingtable li{\n         line-height: 32px;\n         }\n      <\/style>\n<div class=\"col-md-6;\">\n<table id=\"pricingtable\" class=\"table\" style=\"margin-top: 2em;\">\n<tbody>\n<tr>\n<td>\n<h4>U\u017eito\u010dn\u00fd TIP:<\/h4>\n<\/td>\n<\/tr>\n<tr>\n<td>\n<small><br \/>\n                     <strong>Pre re\u0161taur\u00e1cie a vy\u0165a\u017een\u00e9 prev\u00e1dzky odpor\u00fa\u010dame program PREMIUM<\/strong><\/p>\n<ul class=\"list-unstyled\">\n<ul>\n<li>\n<ul><span>Online vzialen\u00e1 spr\u00e1va pokladnice<\/ul>\n<\/li>\n<li>\n<ul><span>Sledovanie a nastavovanie pokladnice z pohodlia domova \u010di kacel\u00e1rie<\/ul>\n<\/li>\n<li>\n<ul><span>Skladov\u00fd syst\u00e9m<\/ul>\n<\/li>\n<li>\n<ul><span>Vzdialen\u00e9 nasklad\u0148ovanie<\/ul>\n<\/li>\n<li>\n<ul><span><a href=\"https:\/\/origin.kasafik.cz\/web\/sk\/2019\/09\/odtazovanie-skladu\/\">Od\u0165a\u017eovanie skladov a recept\u00fary<\/a><\/ul>\n<\/li>\n<li>\n<ul><span><a href=\"https:\/\/origin.kasafik.cz\/web\/sk\/2019\/10\/ekasa-do-restauracie-ci-do-hotela-jedine-s-grafickou-mapou\/\">Grafick\u00e1 mapa stolov<\/a><\/ul>\n<\/li>\n<li>\n<ul><span><a href=\"https:\/\/origin.kasafik.cz\/web\/sk\/2019\/10\/dochadzka-zamestnancov-preco-ju-evidovat\/\">Prihlasovanie a doch\u00e1dzka zamestnancov<\/a><\/ul>\n<\/li>\n<li>\n<ul><span><a href=\"https:\/\/origin.kasafik.cz\/web\/sk\/2019\/08\/objednavky-do-kuchyne\/\">Objedn\u00e1vky do kuchyne alebo na bar<\/a><\/ul>\n<\/li>\n<li>\n<ul><span><a href=\"https:\/\/origin.kasafik.cz\/web\/sk\/2019\/10\/cenove-hladiny-rozlisujte-medzi-zakaznikmi\/\">Rozl\u00ed\u0161enia cenov\u00fdch hlad\u00edn A, B, C<\/a><\/ul>\n<\/li>\n<li>\n<ul><span>Anal\u00fdzy predaja a ziskov<\/ul>\n<\/li>\n<li>\n<ul><span>Z\u00e1lohovanie d\u00e1t na cloude<\/ul>\n<\/li>\n<li>\n<ul><span><a href=\"\/web\/sk\/porovnanie-verzii-kasa-fik\/\">Mnoho \u010fal\u0161ieho&#8230;<\/a><\/ul>\n<\/li>\n<li>\n<ul><span>Viac inform\u00e1ci\u00ed o programe Premium <a href=\"\/web\/sk\/kasa-fik-premium\/\">n\u00e1jdete tu.<\/a><\/ul>\n<\/li>\n<p><\/small>\n<\/ul>\n<\/ul>\n<\/td>\n<\/tr>\n<\/tbody>\n<\/table><\/div>\n<div class=\"col-md-6\">\n<\/div><\/div>\n<\/div>\n<p><!--more--><\/p>\n<div class=\"container\">\n<div class=\"row\">\n<div class=\"col-md-6 text-center\"><img fetchpriority=\"high\" decoding=\"async\" width=\"1200\" height=\"650\" class=\"aligncenter size-full wp-image-3410 img-responsive\" style=\"max-height: 325px; margin-top: 40px;\" src=\"\/web\/wp-content\/uploads\/2017\/01\/kasa-fik-klasik-funkce.gif\" alt=\"pon\u00fakan\u00e9 funkcie aplik\u00e1cie KASA FIK pre re\u0161taur\u00e1cie\" \/><\/div>\n<div class=\"col-md-6 text-center\">\n<h2 class=\"thin\" style=\"margin-top: 1em; margin-bottom: 0.5em; border-bottom: 1px solid gray;\">Mno\u017estvo funkci\u00ed s overenou aplik\u00e1ciou KASA FIK<\/h2>\n<ul class=\"col-md-6 list-unstyled materialcheck text-left\" style=\"border-top: 1px solid white; padding-top: 1.2em;\">\n<li><i class=\"material-icons orange\">done<\/i><span>eKasa pre re\u0161taur\u00e1cie, kaviarne a vy\u0165a\u017een\u00e9 prev\u00e1dzky<\/li>\n<li><i class=\"material-icons orange\">done<\/i><span>Neobmedzen\u00fd po\u010det PLU a polo\u017eiek<\/li>\n<li><i class=\"material-icons orange\">done<\/i><span>Pre platcov aj neplatcov DPH<\/li>\n<li><i class=\"material-icons orange\">done<\/i><span>Tla\u010d \u00fa\u010dteniek s logom a QR k\u00f3dom<\/li>\n<li><i class=\"material-icons orange\">done<\/i><span>Storno platby<\/li>\n<li><i class=\"material-icons orange\">done<\/i><span>Evidencia tr\u017eieb v hotovosti, kartou alebo stravenkami<\/li>\n<\/ul>\n<ul class=\"col-md-6 list-unstyled materialcheck text-left\" style=\"border-top: 1px solid white; padding-top: 1.2em;\">\n<li><i class=\"material-icons orange\">done<\/i><span>Neohrani\u010den\u00fd po\u010det \u00fa\u010dteniek<\/li>\n<li><i class=\"material-icons orange\">done<\/i><span>Preh\u013eady pr\u00edjmov, v\u00fddajov a stavu pokladne<\/li>\n<li><i class=\"material-icons orange\">done<\/i><span>Evidencia tr\u017eieb nepodliehaj\u00facich eKase<\/li>\n<li><i class=\"material-icons orange\">done<\/i><span>D\u00e1vkov\u00e9 importy a exporty d\u00e1t<\/li>\n<li><i class=\"material-icons orange\">done<\/i><span>Na v\u00fdber z <a href=\"\/web\/sk\/porovnani-verzi-kasa-fik\/\">dvoch verzi\u00ed<\/a> programov<\/li>\n<\/ul><\/div>\n<\/p><\/div>\n<\/div>\n<div class=\"container\">\n<div class=\"row\">\n<style>\n         #pricingtable li{\n         line-height: 32px;\n         }\n      <\/style>\n<table id=\"pricingtable\" class=\"table\" style=\"margin-top: 2em;\">\n<tbody>\n<tr>\n<td>\n<h3>Pokladni\u010dn\u00fd syst\u00e9m KASA FIK HIT XL<\/h3>\n<\/td>\n<\/tr>\n<tr>\n<td>\n                  <strong>Bal\u00ed\u010dek KASA FIK HIT XL:<\/strong><\/p>\n<ul class=\"list-unstyled\">\n<li><i class=\"material-icons orange\">chevron_right<\/i><span>eKasa napojen\u00e1 na Finan\u010dn\u00fa spr\u00e1vu<\/li>\n<li><i class=\"material-icons orange\">chevron_right<\/i><span>Poklad\u0148a so 14 palcovou dotykovou obrazovkou<\/li>\n<li><i class=\"material-icons orange\">chevron_right<\/i><span>Integrovan\u00e1 80 mm term\u00e1lna tla\u010diare\u0148 s automatickou reza\u010dkou<\/li>\n<li><i class=\"material-icons orange\">chevron_right<\/i><span>Pripojenie k internetu pomocou LAN alebo WiFi<\/li>\n<li><i class=\"material-icons orange\">chevron_right<\/i><span>Zabudovan\u00fd LCD z\u00e1kazn\u00edcky displej<\/li>\n<li><i class=\"material-icons orange\">chevron_right<\/i><span>Bluetooth pre pripojenie platobn\u00e9ho termin\u00e1lu a \u010fal\u0161\u00edch perif\u00e9ri\u00ed<\/li>\n<li><i class=\"material-icons orange\">chevron_right<\/i><span>Predin\u0161talovan\u00e1 aplik\u00e1cia KASA FIK<\/li>\n<li><i class=\"material-icons orange\">chevron_right<\/i><span>Certifikovan\u00e9 re\u0161enie PPEKK a 8GB CHD\u00da<\/li>\n<li class=\"hidden\"><i class=\"material-icons orange\">chevron_right<\/i><span>1. rok v\u0161echny aktualizace a garanci legislativn\u00ed p\u0159ipravenosti nav\u017edy!<\/li>\n<li><i class=\"material-icons orange\">chevron_right<\/i><span>Technick\u00e1 podpora online<\/li>\n<li><i class=\"material-icons orange\">chevron_right<\/i><span>Mo\u017enos\u0165 n\u00e1kupu a servisu u na\u0161ich ofici\u00e1lnych <a href=\"\/web\/sk\/kasa-fik-kontakt\/\n\n\n\n\">predan\u00fdch partnerov<\/a><\/li>\n<\/li>\n<li><i class=\"material-icons orange\">chevron_right<\/i><span>Vzdialen\u00e1 spr\u00e1va pokladnice z PC<\/li>\n<li><i class=\"material-icons orange\">chevron_right<\/i><span>Pokladni\u010dn\u00fd kot\u00fa\u010dik na 500 \u00fa\u010dteniek pre za\u010diatok<\/li>\n<li><i class=\"material-icons orange\">chevron_right<\/i><span>Podrobn\u00fd manu\u00e1l v elektronickej forme na webe<\/li>\n<\/ul>\n<\/td>\n<\/tr>\n<\/tbody>\n<\/table>\n<div class=\"text-right hidden\">\n<h3 class=\"thin price-new\">\n<p><em>Jednorazov\u00e1 cena bez poplatk\u016f<\/em><\/p>\n<p>            <mark><strong>9 999<\/strong> K\u010d<\/mark> <small>bez DPH<\/small><br \/>\n         <\/h3>\n<\/p><\/div>\n<\/p><\/div>\n<div class=\"row text-center\">\n<div class=\"col-md-12 btn-group btn-group-lg\"><a class=\"btn btn-warning btn-lg line pull-right\" style=\"margin-left: 10px;\" href=\"https:\/\/shop.kasafik.cz\/cs\/pokladni-balicky-a-sety\/99-bal%C3%AD%C4%8Dek-kasa-fik-hit.html\">K\u00daPI\u0164 ONLINE<\/a><a class=\"btn btn-info btn-lg line pull-right\" style=\"margin-left: 10px;\" href=\"\/web\/sk\/kasa-fik-kontakt\/\">Vyh\u013eada\u0165 pobo\u010dku<\/a><button id=\"orange-bottom-large\" class=\"btn btn-success btn-lg line chat-online pull-right\"><i class=\"material-icons\" style=\"margin-right: 8px; font-size: 18px;\">message<\/i>ONLINE CHAT SO \u0160PECIALISTOM<\/button><\/div>\n<\/p><\/div>\n<\/div>\n","protected":false},"excerpt":{"rendered":"<p>KASA FIK HIT XL Profesion\u00e1lna eKasa pre re\u0161taur\u00e1cie, kaviarne, gastron\u00f3miu a najviac vy\u0165a\u017een\u00e9 prev\u00e1dzky. Luxusn\u00e1 pokladnica so 14&#8242; dotykov\u00fdm displejom a z\u00e1kazn\u00edckym displejom. V\u0161etko \u010do potrebujete pre re\u0161taur\u00e1ciu a vy\u0165a\u017een\u00e9 prev\u00e1dzky chevron_rightZariadenie eKasa pre re\u0161taur\u00e1cie, kaviarne a v\u0161etky gastro prev\u00e1dzky chevron_rightSpo\u013eahliv\u00e9, profesion\u00e1lne zariadenie chevron_rightVystavenie \u00fa\u010dtenky do 2 sek\u00fand chevron_rightKvalitn\u00e1 a s\u00fdta tla\u010d blo\u010dku chevron_rightPredin\u0161talovan\u00e1 aplik\u00e1cia [&hellip;]<\/p>\n","protected":false},"author":8,"featured_media":0,"parent":0,"menu_order":0,"comment_status":"closed","ping_status":"closed","template":"page-templates\/full-width-notop-margin.php","meta":{"footnotes":""},"class_list":["post-9004","page","type-page","status-publish","hentry"],"yoast_head":"<!-- This site is optimized with the Yoast SEO plugin v27.4 - https:\/\/yoast.com\/product\/yoast-seo-wordpress\/ -->\n<title>eKasa pre re\u0161taur\u00e1cie a kaviarne - Pokladni\u010dn\u00fd syst\u00e9m HIT XL<\/title>\n<meta name=\"description\" content=\"Profesion\u00e1lna eKasa pre re\u0161taur\u00e1cie a vy\u0165a\u017een\u00e9 prev\u00e1dzky. 14&#039; dotykov\u00fd displej, zabudovan\u00e1 tla\u010diare\u0148, z\u00e1kazn\u00edcky displej a overen\u00e1 aplik\u00e1cia KASA FIK.\" \/>\n<meta name=\"robots\" content=\"index, follow, max-snippet:-1, max-image-preview:large, max-video-preview:-1\" \/>\n<link rel=\"canonical\" href=\"https:\/\/www.kasafik.cz\/web\/sk\/ekasa-restauracie-hit-xl\/\" \/>\n<meta property=\"og:locale\" content=\"cs_CZ\" \/>\n<meta property=\"og:type\" content=\"article\" \/>\n<meta property=\"og:title\" content=\"eKasa pre re\u0161taur\u00e1cie a kaviarne - Pokladni\u010dn\u00fd syst\u00e9m HIT XL\" \/>\n<meta property=\"og:description\" content=\"Profesion\u00e1lna eKasa pre re\u0161taur\u00e1cie a vy\u0165a\u017een\u00e9 prev\u00e1dzky. 14&#039; dotykov\u00fd displej, zabudovan\u00e1 tla\u010diare\u0148, z\u00e1kazn\u00edcky displej a overen\u00e1 aplik\u00e1cia KASA FIK.\" \/>\n<meta property=\"og:url\" content=\"https:\/\/www.kasafik.cz\/web\/sk\/ekasa-restauracie-hit-xl\/\" \/>\n<meta property=\"og:site_name\" content=\"KASA FIK\" \/>\n<meta property=\"article:modified_time\" content=\"2020-11-24T12:35:12+00:00\" \/>\n<meta name=\"twitter:card\" content=\"summary_large_image\" \/>\n<meta name=\"twitter:label1\" content=\"Odhadovan\u00e1 doba \u010dten\u00ed\" \/>\n\t<meta name=\"twitter:data1\" content=\"3 minuty\" \/>\n<script type=\"application\/ld+json\" class=\"yoast-schema-graph\">{\"@context\":\"https:\\\/\\\/schema.org\",\"@graph\":[{\"@type\":\"WebPage\",\"@id\":\"https:\\\/\\\/www.kasafik.cz\\\/web\\\/sk\\\/ekasa-restauracie-hit-xl\\\/\",\"url\":\"https:\\\/\\\/www.kasafik.cz\\\/web\\\/sk\\\/ekasa-restauracie-hit-xl\\\/\",\"name\":\"eKasa pre re\u0161taur\u00e1cie a kaviarne - Pokladni\u010dn\u00fd syst\u00e9m HIT XL\",\"isPartOf\":{\"@id\":\"https:\\\/\\\/www.kasafik.cz\\\/web\\\/#website\"},\"datePublished\":\"2019-07-11T10:49:23+00:00\",\"dateModified\":\"2020-11-24T12:35:12+00:00\",\"description\":\"Profesion\u00e1lna eKasa pre re\u0161taur\u00e1cie a vy\u0165a\u017een\u00e9 prev\u00e1dzky. 14' dotykov\u00fd displej, zabudovan\u00e1 tla\u010diare\u0148, z\u00e1kazn\u00edcky displej a overen\u00e1 aplik\u00e1cia KASA FIK.\",\"breadcrumb\":{\"@id\":\"https:\\\/\\\/www.kasafik.cz\\\/web\\\/sk\\\/ekasa-restauracie-hit-xl\\\/#breadcrumb\"},\"inLanguage\":\"cs\",\"potentialAction\":[{\"@type\":\"ReadAction\",\"target\":[\"https:\\\/\\\/www.kasafik.cz\\\/web\\\/sk\\\/ekasa-restauracie-hit-xl\\\/\"]}]},{\"@type\":\"BreadcrumbList\",\"@id\":\"https:\\\/\\\/www.kasafik.cz\\\/web\\\/sk\\\/ekasa-restauracie-hit-xl\\\/#breadcrumb\",\"itemListElement\":[{\"@type\":\"ListItem\",\"position\":1,\"name\":\"Home\",\"item\":\"https:\\\/\\\/origin.kasafik.cz\\\/web\\\/cs\\\/\"},{\"@type\":\"ListItem\",\"position\":2,\"name\":\"Pokladni\u010dn\u00fd syst\u00e9m HIT XL\"}]},{\"@type\":\"WebSite\",\"@id\":\"https:\\\/\\\/www.kasafik.cz\\\/web\\\/#website\",\"url\":\"https:\\\/\\\/www.kasafik.cz\\\/web\\\/\",\"name\":\"KASA FIK\",\"description\":\"\",\"potentialAction\":[{\"@type\":\"SearchAction\",\"target\":{\"@type\":\"EntryPoint\",\"urlTemplate\":\"https:\\\/\\\/www.kasafik.cz\\\/web\\\/?s={search_term_string}\"},\"query-input\":{\"@type\":\"PropertyValueSpecification\",\"valueRequired\":true,\"valueName\":\"search_term_string\"}}],\"inLanguage\":\"cs\"}]}<\/script>\n<!-- \/ Yoast SEO plugin. -->","yoast_head_json":{"title":"eKasa pre re\u0161taur\u00e1cie a kaviarne - Pokladni\u010dn\u00fd syst\u00e9m HIT XL","description":"Profesion\u00e1lna eKasa pre re\u0161taur\u00e1cie a vy\u0165a\u017een\u00e9 prev\u00e1dzky. 14' dotykov\u00fd displej, zabudovan\u00e1 tla\u010diare\u0148, z\u00e1kazn\u00edcky displej a overen\u00e1 aplik\u00e1cia KASA FIK.","robots":{"index":"index","follow":"follow","max-snippet":"max-snippet:-1","max-image-preview":"max-image-preview:large","max-video-preview":"max-video-preview:-1"},"canonical":"https:\/\/www.kasafik.cz\/web\/sk\/ekasa-restauracie-hit-xl\/","og_locale":"cs_CZ","og_type":"article","og_title":"eKasa pre re\u0161taur\u00e1cie a kaviarne - Pokladni\u010dn\u00fd syst\u00e9m HIT XL","og_description":"Profesion\u00e1lna eKasa pre re\u0161taur\u00e1cie a vy\u0165a\u017een\u00e9 prev\u00e1dzky. 14' dotykov\u00fd displej, zabudovan\u00e1 tla\u010diare\u0148, z\u00e1kazn\u00edcky displej a overen\u00e1 aplik\u00e1cia KASA FIK.","og_url":"https:\/\/www.kasafik.cz\/web\/sk\/ekasa-restauracie-hit-xl\/","og_site_name":"KASA FIK","article_modified_time":"2020-11-24T12:35:12+00:00","twitter_card":"summary_large_image","twitter_misc":{"Odhadovan\u00e1 doba \u010dten\u00ed":"3 minuty"},"schema":{"@context":"https:\/\/schema.org","@graph":[{"@type":"WebPage","@id":"https:\/\/www.kasafik.cz\/web\/sk\/ekasa-restauracie-hit-xl\/","url":"https:\/\/www.kasafik.cz\/web\/sk\/ekasa-restauracie-hit-xl\/","name":"eKasa pre re\u0161taur\u00e1cie a kaviarne - Pokladni\u010dn\u00fd syst\u00e9m HIT XL","isPartOf":{"@id":"https:\/\/www.kasafik.cz\/web\/#website"},"datePublished":"2019-07-11T10:49:23+00:00","dateModified":"2020-11-24T12:35:12+00:00","description":"Profesion\u00e1lna eKasa pre re\u0161taur\u00e1cie a vy\u0165a\u017een\u00e9 prev\u00e1dzky. 14' dotykov\u00fd displej, zabudovan\u00e1 tla\u010diare\u0148, z\u00e1kazn\u00edcky displej a overen\u00e1 aplik\u00e1cia KASA FIK.","breadcrumb":{"@id":"https:\/\/www.kasafik.cz\/web\/sk\/ekasa-restauracie-hit-xl\/#breadcrumb"},"inLanguage":"cs","potentialAction":[{"@type":"ReadAction","target":["https:\/\/www.kasafik.cz\/web\/sk\/ekasa-restauracie-hit-xl\/"]}]},{"@type":"BreadcrumbList","@id":"https:\/\/www.kasafik.cz\/web\/sk\/ekasa-restauracie-hit-xl\/#breadcrumb","itemListElement":[{"@type":"ListItem","position":1,"name":"Home","item":"https:\/\/origin.kasafik.cz\/web\/cs\/"},{"@type":"ListItem","position":2,"name":"Pokladni\u010dn\u00fd syst\u00e9m HIT XL"}]},{"@type":"WebSite","@id":"https:\/\/www.kasafik.cz\/web\/#website","url":"https:\/\/www.kasafik.cz\/web\/","name":"KASA FIK","description":"","potentialAction":[{"@type":"SearchAction","target":{"@type":"EntryPoint","urlTemplate":"https:\/\/www.kasafik.cz\/web\/?s={search_term_string}"},"query-input":{"@type":"PropertyValueSpecification","valueRequired":true,"valueName":"search_term_string"}}],"inLanguage":"cs"}]}},"jetpack_sharing_enabled":true,"_links":{"self":[{"href":"https:\/\/www.kasafik.cz\/web\/wp-json\/wp\/v2\/pages\/9004","targetHints":{"allow":["GET"]}}],"collection":[{"href":"https:\/\/www.kasafik.cz\/web\/wp-json\/wp\/v2\/pages"}],"about":[{"href":"https:\/\/www.kasafik.cz\/web\/wp-json\/wp\/v2\/types\/page"}],"author":[{"embeddable":true,"href":"https:\/\/www.kasafik.cz\/web\/wp-json\/wp\/v2\/users\/8"}],"replies":[{"embeddable":true,"href":"https:\/\/www.kasafik.cz\/web\/wp-json\/wp\/v2\/comments?post=9004"}],"version-history":[{"count":15,"href":"https:\/\/www.kasafik.cz\/web\/wp-json\/wp\/v2\/pages\/9004\/revisions"}],"predecessor-version":[{"id":11340,"href":"https:\/\/www.kasafik.cz\/web\/wp-json\/wp\/v2\/pages\/9004\/revisions\/11340"}],"wp:attachment":[{"href":"https:\/\/www.kasafik.cz\/web\/wp-json\/wp\/v2\/media?parent=9004"}],"curies":[{"name":"wp","href":"https:\/\/api.w.org\/{rel}","templated":true}]}}