{"id":8256,"date":"2019-02-06T09:07:03","date_gmt":"2019-02-06T09:07:03","guid":{"rendered":"https:\/\/origin.kasafik.cz\/web\/?page_id=8256"},"modified":"2020-11-24T16:02:29","modified_gmt":"2020-11-24T16:02:29","slug":"platobny-terminal-sumup","status":"publish","type":"page","link":"https:\/\/www.kasafik.cz\/web\/sk\/platobny-terminal-sumup\/","title":{"rendered":"Platobn\u00fd termin\u00e1l SumUp"},"content":{"rendered":"<div id=\"btfe\" class=\"container-fluid two\" style=\"background-size: cover; background-repeat: no-repeat; background-position: right center; background-image: url(https:\/\/origin.kasafik.cz\/web\/wp-content\/uploads\/2020\/11\/biele-pozadie-hit-sumup.png); background-color: #f1771d; min-height: 550px; padding-top: 100px;\">\n<div class=\"row\">\n<div class=\"col-md-7 text-center\" style=\"padding-top: 60px; padding-left: 15%;\">\n<h1 class=\"thin\" style=\"background-color: #F2F2F2; padding: 1em;\">Platobn\u00fd termin\u00e1l SumUp Air<\/h1>\n<h3 class=\"thin\" style=\"background-color: #F2F2F2; padding: 1em;\">Lep\u0161\u00ed sp\u00f4sob prij\u00edmania platieb<\/h3>\n<\/p><\/div>\n<\/p><\/div>\n<\/p><\/div>\n<\/div>\n<style>\n   .wideimage{<br \/>\n   background-repeat: no-repeat;<br \/>\n   background-position: right top;<br \/>\n   background: url(images\/bg.jpg) no-repeat right top scroll;<br \/>\n   background-size: auto 700px;<br \/>\n   }<br \/>\n   .red, ul.materialcheck i.material-icons red{<br \/>\n   color: red;<br \/>\n   }<br \/>\n<\/style>\n<div class=\"container-fluid wideimage\">\n<div class=\"container\">\n<div class=\"row\">\n<div class=\"col-md-7 text-center\">\n<h2 class=\"thin\" style=\"margin-top: 2em; font-size: 48px;\">V\u0161etko pre Va\u0161e podnikanie<\/h2>\n<h3 class=\"thin\" style=\"border-top: 1px solid #FF3F00; padding-top: 0.5em;\">R\u00fdchle, lacn\u00e9 a bez zmeny banky<\/h3>\n<h4 class=\"thin\" style=\"margin-top: 2em;\"><em>Nech podnik\u00e1te v \u010domko\u013evek, platobn\u00fd termin\u00e1l SumUp Air je najjednoduch\u0161\u00edm sp\u00f4sobom ako prij\u00edma\u0165 platby kartou. SumUp je prakticky poklad\u0148ou vo va\u0161om vrecku. M\u00f4\u017eete ho vzia\u0165 kamko\u013evek a prij\u00edma\u0165 platby napr\u00edklad v predajnom st\u00e1nku na trhu alebo v kamennom obchode.<\/em><\/h4>\n<\/p><\/div>\n<div class=\"col-md-5\"><img decoding=\"async\" class=\"aligncenter size-full wp-image-6043 img-responsive\" src=\"\/web\/wp-content\/uploads\/2018\/09\/SumUp-Klasik.png\" alt=\"KASA FIK termin\u00e1l VISA MASTERCARD myPOS\" \/><\/div>\n<\/p><\/div>\n<\/p><\/div>\n<\/div>\n<\/div>\n<div class=\"container-fluid\" style=\"min-height: 400px; background-size: cover; background-image: url(https:\/\/origin.kasafik.cz\/web\/wp-content\/uploads\/2020\/11\/biele-pozadie-trouholniky-1.png);\">\n<div style=\"background-image: url('xxx'); background-size: auto 460px; background-repeat: no-repeat; height: 400px;\">\n<div class=\"container\">\n<div class=\"row\">\n<div class=\"col-md-5\"><img decoding=\"async\" class=\"img-responsive\" style=\"margin-top: 40px;\" src=\"\/web\/wp-content\/uploads\/2019\/07\/hitsumup.png\" \/><\/div>\n<div class=\"col-md-7 text-center\" style=\"padding-bottom: 2em;\">\n<h2 class=\"thin\" style=\"margin-top: 1em; margin-bottom: 0.5em; border-bottom: 1px solid white; color: white;\">Platobn\u00fd termin\u00e1l pre ka\u017ed\u00e9  podnikanie<\/h2>\n<ul class=\"list-unstyled materialcheck text-left\" >\n<li><i class=\"material-icons\">chevron_right<\/i><span>Nemus\u00edte meni\u0165 bankov\u00fd \u00fa\u010det<\/li>\n<li><i class=\"material-icons\">chevron_right<\/i><span>Bez mesa\u010dn\u00fdch pau\u0161\u00e1lnych poplatkov<\/li>\n<li><i class=\"material-icons\">chevron_right<\/i><span>Iba 1,95 % z v\u00fd\u0161ky transakcie<\/li>\n<li><i class=\"material-icons\">chevron_right<\/i><span>Prij\u00edma v\u0161etky debetn\u00e9 a kreditn\u00e9 karty<\/li>\n<li><i class=\"material-icons\">chevron_right<\/i><span>Platba bezkontaktne (NFC) alebo \u010dipom a PIN k\u00f3dom<\/li>\n<li><i class=\"material-icons\">chevron_right<\/i><span>Podpora Google Pay a Apple Pay<\/li>\n<li><i class=\"material-icons\">chevron_right<\/i><span>Zaregistrujete sa za 5 min\u00fat na <a href=\"www.sumup.sk\"> webe SumUp.<\/a><\/li>\n<li><i class=\"material-icons\">chevron_right<\/i><span>K\u00fapite jednoducho <a href=\"https:\/\/shop.kasafik.sk\/\">na e-shope KASA FIK<\/a><\/li>\n<\/ul><\/div>\n<\/p><\/div>\n<\/p><\/div>\n<\/p><\/div>\n<\/div>\n<p><!--more--><\/p>\n<div class=\"container three-advs\">\n<div class=\"row\">\n<h2 class=\"thin text-center\" style=\"margin-top: 2em; margin-bottom: 0.5em;\">SumUp Air<\/h2>\n<div class=\"col-md-4\">\n<h2>Najlep\u0161\u00ed platobn\u00fd termin\u00e1l vo svojej kateg\u00f3rii<\/h2>\n<p>      Je vybaven\u00fd NFC technol\u00f3giou a Bluetooth, s integrovanou Li-ion bat\u00e9riou. SumUp Air prin\u00e1\u0161a nov\u00fd \u0161tandard v oblasti mobiln\u00fdch platobn\u00fdch termin\u00e1lov.<\/p>\n<ul class=\"list-unstyled materialcheck\">\n<li><i class=\"material-icons\">chevron_right<\/i><span>OLED displej<\/li>\n<li><i class=\"material-icons\">chevron_right<\/i><span>Ant\u00e9na NFC pre bezkontaktn\u00e9 karty<\/li>\n<li><i class=\"material-icons\">chevron_right<\/i><span>\u010c\u00edta\u010dka EMV \u010dipov<\/li>\n<li><i class=\"material-icons\">chevron_right<\/i><span>Kapacitn\u00e1 kl\u00e1vesnica<\/li>\n<\/ul><\/div>\n<div class=\"col-md-4\"><a href=\"\/web\/wp-content\/uploads\/2018\/05\/sumup.jpg\"><img decoding=\"async\" class=\"aligncenter size-full wp-image-6054 img-responsive\" src=\"\/web\/wp-content\/uploads\/2018\/05\/sumup.jpg\" alt=\"\" \/><\/a><\/div>\n<div class=\"col-md-4\">\n<h2>Navrhnut\u00fd a vyroben\u00fd spolo\u010dnos\u0165ou SumUp v Berl\u00edne<\/h2>\n<ul class=\"list-unstyled materialcheck\">\n<li><i class=\"material-icons\">chevron_right<\/i><span>Nab\u00edjate\u013en\u00e1 bat\u00e9ria (viac ako 500 transakci\u00ed)<\/li>\n<li><i class=\"material-icons\">chevron_right<\/i><span>Atrakt\u00edvny a odoln\u00fd dizajn<\/li>\n<li><i class=\"material-icons\">chevron_right<\/i><span>Nab\u00edjanie cez Micro-USB<\/li>\n<li><i class=\"material-icons\">chevron_right<\/i><span>Jednoduch\u00e1 a r\u00fdchla obsluha<\/li>\n<\/ul>\n<div class=\"text-right\">\n<h3 class=\"thin price-new\">\n<p><em>JEDNORAZOV\u00c1 CENA BEZ POPLATKOV<\/em><\/p>\n<p>            <mark><strong>39 \u20ac<\/strong><\/mark> <small>bez DPH<\/small><br \/>\n         <\/h3>\n<\/p><\/div>\n<\/p><\/div>\n<\/div>\n","protected":false},"excerpt":{"rendered":"<p>Platobn\u00fd termin\u00e1l SumUp Air Lep\u0161\u00ed sp\u00f4sob prij\u00edmania platieb V\u0161etko pre Va\u0161e podnikanie R\u00fdchle, lacn\u00e9 a bez zmeny banky Nech podnik\u00e1te v \u010domko\u013evek, platobn\u00fd termin\u00e1l SumUp Air je najjednoduch\u0161\u00edm sp\u00f4sobom ako prij\u00edma\u0165 platby kartou. SumUp je prakticky poklad\u0148ou vo va\u0161om vrecku. M\u00f4\u017eete ho vzia\u0165 kamko\u013evek a prij\u00edma\u0165 platby napr\u00edklad v predajnom st\u00e1nku na trhu alebo v [&hellip;]<\/p>\n","protected":false},"author":4,"featured_media":0,"parent":0,"menu_order":0,"comment_status":"closed","ping_status":"closed","template":"page-templates\/full-width-notop-margin.php","meta":{"footnotes":""},"class_list":["post-8256","page","type-page","status-publish","hentry"],"yoast_head":"<!-- This site is optimized with the Yoast SEO plugin v27.2 - https:\/\/yoast.com\/product\/yoast-seo-wordpress\/ -->\n<title>Platobn\u00fd termin\u00e1l SumUp - V\u0161etko \u010do potrebujete k pokladnici KASA FIK<\/title>\n<meta name=\"description\" content=\"\u017diadne mesa\u010dn\u00e9 poplatky, \u017eiadna zmena banky. Platobn\u00fd termin\u00e1l SumUp je jednoduchou a r\u00fdchlou vo\u013ebou. Navy\u0161e, je kompatibiln\u00fd s pokladnicami KASA FIK.\" \/>\n<meta name=\"robots\" content=\"index, follow, max-snippet:-1, max-image-preview:large, max-video-preview:-1\" \/>\n<link rel=\"canonical\" href=\"https:\/\/www.kasafik.cz\/web\/sk\/platobny-terminal-sumup\/\" \/>\n<meta property=\"og:locale\" content=\"cs_CZ\" \/>\n<meta property=\"og:type\" content=\"article\" \/>\n<meta property=\"og:title\" content=\"Platobn\u00fd termin\u00e1l SumUp - V\u0161etko \u010do potrebujete k pokladnici KASA FIK\" \/>\n<meta property=\"og:description\" content=\"\u017diadne mesa\u010dn\u00e9 poplatky, \u017eiadna zmena banky. Platobn\u00fd termin\u00e1l SumUp je jednoduchou a r\u00fdchlou vo\u013ebou. Navy\u0161e, je kompatibiln\u00fd s pokladnicami KASA FIK.\" \/>\n<meta property=\"og:url\" content=\"https:\/\/www.kasafik.cz\/web\/sk\/platobny-terminal-sumup\/\" \/>\n<meta property=\"og:site_name\" content=\"KASA FIK\" \/>\n<meta property=\"article:modified_time\" content=\"2020-11-24T16:02:29+00:00\" \/>\n<meta name=\"twitter:card\" content=\"summary_large_image\" \/>\n<meta name=\"twitter:label1\" content=\"Odhadovan\u00e1 doba \u010dten\u00ed\" \/>\n\t<meta name=\"twitter:data1\" content=\"1 minuta\" \/>\n<script type=\"application\/ld+json\" class=\"yoast-schema-graph\">{\"@context\":\"https:\/\/schema.org\",\"@graph\":[{\"@type\":\"WebPage\",\"@id\":\"https:\/\/www.kasafik.cz\/web\/sk\/platobny-terminal-sumup\/\",\"url\":\"https:\/\/www.kasafik.cz\/web\/sk\/platobny-terminal-sumup\/\",\"name\":\"Platobn\u00fd termin\u00e1l SumUp - V\u0161etko \u010do potrebujete k pokladnici KASA FIK\",\"isPartOf\":{\"@id\":\"https:\/\/www.kasafik.cz\/web\/#website\"},\"datePublished\":\"2019-02-06T09:07:03+00:00\",\"dateModified\":\"2020-11-24T16:02:29+00:00\",\"description\":\"\u017diadne mesa\u010dn\u00e9 poplatky, \u017eiadna zmena banky. Platobn\u00fd termin\u00e1l SumUp je jednoduchou a r\u00fdchlou vo\u013ebou. Navy\u0161e, je kompatibiln\u00fd s pokladnicami KASA FIK.\",\"breadcrumb\":{\"@id\":\"https:\/\/www.kasafik.cz\/web\/sk\/platobny-terminal-sumup\/#breadcrumb\"},\"inLanguage\":\"cs\",\"potentialAction\":[{\"@type\":\"ReadAction\",\"target\":[\"https:\/\/www.kasafik.cz\/web\/sk\/platobny-terminal-sumup\/\"]}]},{\"@type\":\"BreadcrumbList\",\"@id\":\"https:\/\/www.kasafik.cz\/web\/sk\/platobny-terminal-sumup\/#breadcrumb\",\"itemListElement\":[{\"@type\":\"ListItem\",\"position\":1,\"name\":\"Home\",\"item\":\"https:\/\/origin.kasafik.cz\/web\/cs\/\"},{\"@type\":\"ListItem\",\"position\":2,\"name\":\"Platobn\u00fd termin\u00e1l SumUp\"}]},{\"@type\":\"WebSite\",\"@id\":\"https:\/\/www.kasafik.cz\/web\/#website\",\"url\":\"https:\/\/www.kasafik.cz\/web\/\",\"name\":\"KASA FIK\",\"description\":\"\",\"potentialAction\":[{\"@type\":\"SearchAction\",\"target\":{\"@type\":\"EntryPoint\",\"urlTemplate\":\"https:\/\/www.kasafik.cz\/web\/?s={search_term_string}\"},\"query-input\":{\"@type\":\"PropertyValueSpecification\",\"valueRequired\":true,\"valueName\":\"search_term_string\"}}],\"inLanguage\":\"cs\"}]}<\/script>\n<!-- \/ Yoast SEO plugin. -->","yoast_head_json":{"title":"Platobn\u00fd termin\u00e1l SumUp - V\u0161etko \u010do potrebujete k pokladnici KASA FIK","description":"\u017diadne mesa\u010dn\u00e9 poplatky, \u017eiadna zmena banky. Platobn\u00fd termin\u00e1l SumUp je jednoduchou a r\u00fdchlou vo\u013ebou. Navy\u0161e, je kompatibiln\u00fd s pokladnicami KASA FIK.","robots":{"index":"index","follow":"follow","max-snippet":"max-snippet:-1","max-image-preview":"max-image-preview:large","max-video-preview":"max-video-preview:-1"},"canonical":"https:\/\/www.kasafik.cz\/web\/sk\/platobny-terminal-sumup\/","og_locale":"cs_CZ","og_type":"article","og_title":"Platobn\u00fd termin\u00e1l SumUp - V\u0161etko \u010do potrebujete k pokladnici KASA FIK","og_description":"\u017diadne mesa\u010dn\u00e9 poplatky, \u017eiadna zmena banky. Platobn\u00fd termin\u00e1l SumUp je jednoduchou a r\u00fdchlou vo\u013ebou. Navy\u0161e, je kompatibiln\u00fd s pokladnicami KASA FIK.","og_url":"https:\/\/www.kasafik.cz\/web\/sk\/platobny-terminal-sumup\/","og_site_name":"KASA FIK","article_modified_time":"2020-11-24T16:02:29+00:00","twitter_card":"summary_large_image","twitter_misc":{"Odhadovan\u00e1 doba \u010dten\u00ed":"1 minuta"},"schema":{"@context":"https:\/\/schema.org","@graph":[{"@type":"WebPage","@id":"https:\/\/www.kasafik.cz\/web\/sk\/platobny-terminal-sumup\/","url":"https:\/\/www.kasafik.cz\/web\/sk\/platobny-terminal-sumup\/","name":"Platobn\u00fd termin\u00e1l SumUp - V\u0161etko \u010do potrebujete k pokladnici KASA FIK","isPartOf":{"@id":"https:\/\/www.kasafik.cz\/web\/#website"},"datePublished":"2019-02-06T09:07:03+00:00","dateModified":"2020-11-24T16:02:29+00:00","description":"\u017diadne mesa\u010dn\u00e9 poplatky, \u017eiadna zmena banky. Platobn\u00fd termin\u00e1l SumUp je jednoduchou a r\u00fdchlou vo\u013ebou. Navy\u0161e, je kompatibiln\u00fd s pokladnicami KASA FIK.","breadcrumb":{"@id":"https:\/\/www.kasafik.cz\/web\/sk\/platobny-terminal-sumup\/#breadcrumb"},"inLanguage":"cs","potentialAction":[{"@type":"ReadAction","target":["https:\/\/www.kasafik.cz\/web\/sk\/platobny-terminal-sumup\/"]}]},{"@type":"BreadcrumbList","@id":"https:\/\/www.kasafik.cz\/web\/sk\/platobny-terminal-sumup\/#breadcrumb","itemListElement":[{"@type":"ListItem","position":1,"name":"Home","item":"https:\/\/origin.kasafik.cz\/web\/cs\/"},{"@type":"ListItem","position":2,"name":"Platobn\u00fd termin\u00e1l SumUp"}]},{"@type":"WebSite","@id":"https:\/\/www.kasafik.cz\/web\/#website","url":"https:\/\/www.kasafik.cz\/web\/","name":"KASA FIK","description":"","potentialAction":[{"@type":"SearchAction","target":{"@type":"EntryPoint","urlTemplate":"https:\/\/www.kasafik.cz\/web\/?s={search_term_string}"},"query-input":{"@type":"PropertyValueSpecification","valueRequired":true,"valueName":"search_term_string"}}],"inLanguage":"cs"}]}},"jetpack_sharing_enabled":true,"_links":{"self":[{"href":"https:\/\/www.kasafik.cz\/web\/wp-json\/wp\/v2\/pages\/8256","targetHints":{"allow":["GET"]}}],"collection":[{"href":"https:\/\/www.kasafik.cz\/web\/wp-json\/wp\/v2\/pages"}],"about":[{"href":"https:\/\/www.kasafik.cz\/web\/wp-json\/wp\/v2\/types\/page"}],"author":[{"embeddable":true,"href":"https:\/\/www.kasafik.cz\/web\/wp-json\/wp\/v2\/users\/4"}],"replies":[{"embeddable":true,"href":"https:\/\/www.kasafik.cz\/web\/wp-json\/wp\/v2\/comments?post=8256"}],"version-history":[{"count":16,"href":"https:\/\/www.kasafik.cz\/web\/wp-json\/wp\/v2\/pages\/8256\/revisions"}],"predecessor-version":[{"id":11347,"href":"https:\/\/www.kasafik.cz\/web\/wp-json\/wp\/v2\/pages\/8256\/revisions\/11347"}],"wp:attachment":[{"href":"https:\/\/www.kasafik.cz\/web\/wp-json\/wp\/v2\/media?parent=8256"}],"curies":[{"name":"wp","href":"https:\/\/api.w.org\/{rel}","templated":true}]}}