{"id":5763,"date":"2017-11-27T09:22:41","date_gmt":"2017-11-27T09:22:41","guid":{"rendered":"https:\/\/www.kasafik.cz\/web\/?page_id=5763"},"modified":"2018-09-27T12:09:24","modified_gmt":"2018-09-27T12:09:24","slug":"skoleni-registrace","status":"publish","type":"page","link":"https:\/\/www.kasafik.cz\/web\/cs\/skoleni-registrace\/","title":{"rendered":"Semin\u00e1\u0159e &#8211; Registrace"},"content":{"rendered":"<div class=\"container-fluid poptavka-form\" style=\"background-color: #f5f5f5; padding: 2em 0;\">\n<div class=\"container\" style=\"background-color: white; box-shadow: 0 4px 8px rgba(0,0,0,.12);\">\n<div class=\"row\" style=\"padding: 2em;\">\n<div class=\"col-md-5\" style=\"border-right: 3px solid rgba(0,0,0,0.05);\">\n<h3 class=\"myheaders thin\">\u0160kolen\u00ed a semin\u00e1\u0159e ZDARMA<\/h3>\n<p>Zanechte n\u00e1m sv\u016fj kontakt a my s V\u00e1mi budeme po\u010d\u00edtat na na\u0161e skolen\u00ed.<\/p>\n<h3 class=\"myheaders thin\">T\u00e9ma<\/h3>\n<ul class=\"list-unstyled clist\">\n<li><i class=\"material-icons\">done<\/i>eRecept<\/li>\n<\/ul>\n<p><button id=\"btn-poptavkovy-left\" class=\"btn btn-success btn-lg line chat-online btn-default\"><i class=\"material-icons\" style=\"margin-right: 8px; font-size: 18px;\">message<\/i>ONLINE CHAT SE SPECIALISTOU<\/button><\/p>\n<\/div>\n<form id=\"signupform\" class=\"form-horizontal col-md-7\" method=\"post\">\n<h3 class=\"myheaders thin\">Registrace na semin\u00e1\u0159<\/h3>\n<p><input name=\"SOURCE\" type=\"hidden\" value=\"kasafik-skoleni-registrace\" \/><input name=\"locale\" type=\"hidden\" value=\"cs\" \/><\/p>\n<div class=\"form-group\">\n<p><label class=\"col-sm-4 control-label\" for=\"inputEmail3\">Email<\/label><\/p>\n<div class=\"col-sm-8\"><input id=\"inputEmail3\" class=\"sp_push_custom_data form-control\" autocomplete=\"off\" name=\"DATA[EMAIL]\" type=\"email\" placeholder=\"Email\" \/><\/div>\n<\/div>\n<div class=\"form-group\">\n<p><label class=\"col-sm-4 control-label\" for=\"inputPhone\">Telefon<\/label><\/p>\n<div class=\"col-sm-3\"><input id=\"inputPhone\" class=\"form-control\" maxlength=\"4\" name=\"DATA[PHONE_PREFIX]\" type=\"text\" value=\"+420\" placeholder=\"prefix\" \/><\/div>\n<div class=\"col-sm-5\"><input id=\"inputPhone\" class=\"form-control\" autocomplete=\"off\" maxlength=\"12\" name=\"DATA[PHONE]\" type=\"text\" placeholder=\"Telefon\" \/><\/div>\n<\/div>\n<div class=\"form-group\">\n<p><label class=\"col-sm-4 control-label\" for=\"inputName\">Jm\u00e9no<\/label><\/p>\n<div class=\"col-sm-8\"><input id=\"inputName\" class=\"form-control\" name=\"DATA[NAME]\" type=\"text\" placeholder=\"Jm\u00e9no\" \/><\/div>\n<\/div>\n<div class=\"form-group\">\n<div><label class=\"col-sm-4 control-label\" for=\"inputPsc\">PS\u010c<\/label><\/div>\n<div class=\"col-sm-8\"><input id=\"inputPsc\" class=\"sp_push_custom_data form-control\" name=\"DATA[ZIP]\" type=\"text\" placeholder=\"ps\u010d ordinace\" \/><\/div>\n<\/div>\n<div class=\"form-group\">\n<p><label class=\"col-sm-4 control-label\" for=\"inputRegion\">Term\u00edn a lokalita<\/label><\/p>\n<div class=\"col-sm-8\"><select class=\"sp_push_custom_data form-control\" name=\"DATA[TXT][BUSINESS]\"><option value=\"\">&#8211; vyberte term\u00edn semin\u00e1\u0159e &#8211;<\/option><option>\u00dat 16.10. 16h. &#8211; Praha<\/option><option>St 24.10. 10h. &#8211; Praha<\/option><option>St 31.10. 16h. &#8211; Praha<\/option><\/select><\/div>\n<\/div>\n<div class=\"form-group\">\n<p><label class=\"col-sm-4 control-label\" for=\"inputDesc\">Pozn\u00e1mka<\/label><\/p>\n<div class=\"col-sm-8\"><textarea id=\"inputDesc\" class=\"form-control\" name=\"DATA[TXT][DESC]\" placeholder=\"\"><\/textarea><\/div>\n<\/div>\n<div class=\"form-group\">\n<div class=\"col-sm-offset-4 col-sm-8\"><button class=\"btn btn-success line\" onclick=\"validateSignupNew('#signupform','\/web\/contact-form.php');\" type=\"button\">Odeslat<\/button><\/div>\n<\/div>\n<\/form>\n<\/div>\n<\/div>\n<\/div>\n","protected":false},"excerpt":{"rendered":"<p>\u0160kolen\u00ed a semin\u00e1\u0159e ZDARMA Zanechte n\u00e1m sv\u016fj kontakt a my s V\u00e1mi budeme po\u010d\u00edtat na na\u0161e skolen\u00ed. T\u00e9ma doneeRecept messageONLINE CHAT SE SPECIALISTOU Registrace na semin\u00e1\u0159 Email Telefon Jm\u00e9no PS\u010c Term\u00edn a lokalita &#8211; vyberte term\u00edn semin\u00e1\u0159e &#8211;\u00dat 16.10. 16h. &#8211; PrahaSt 24.10. 10h. &#8211; PrahaSt 31.10. 16h. &#8211; Praha Pozn\u00e1mka Odeslat<\/p>\n","protected":false},"author":1,"featured_media":0,"parent":0,"menu_order":0,"comment_status":"closed","ping_status":"closed","template":"page-templates\/full-width.php","meta":{"footnotes":""},"class_list":["post-5763","page","type-page","status-publish","hentry"],"yoast_head":"<!-- This site is optimized with the Yoast SEO plugin v27.4 - https:\/\/yoast.com\/product\/yoast-seo-wordpress\/ -->\n<title>Semin\u00e1\u0159e - Registrace - KASA FIK<\/title>\n<meta name=\"robots\" content=\"index, follow, max-snippet:-1, max-image-preview:large, max-video-preview:-1\" \/>\n<link rel=\"canonical\" href=\"https:\/\/www.kasafik.cz\/web\/cs\/skoleni-registrace\/\" \/>\n<meta property=\"og:locale\" content=\"cs_CZ\" \/>\n<meta property=\"og:type\" content=\"article\" \/>\n<meta property=\"og:title\" content=\"Semin\u00e1\u0159e - Registrace - KASA FIK\" \/>\n<meta property=\"og:description\" content=\"\u0160kolen\u00ed a semin\u00e1\u0159e ZDARMA Zanechte n\u00e1m sv\u016fj kontakt a my s V\u00e1mi budeme po\u010d\u00edtat na na\u0161e skolen\u00ed. T\u00e9ma doneeRecept messageONLINE CHAT SE SPECIALISTOU Registrace na semin\u00e1\u0159 Email Telefon Jm\u00e9no PS\u010c Term\u00edn a lokalita &#8211; vyberte term\u00edn semin\u00e1\u0159e &#8211;\u00dat 16.10. 16h. &#8211; PrahaSt 24.10. 10h. &#8211; PrahaSt 31.10. 16h. &#8211; Praha Pozn\u00e1mka Odeslat\" \/>\n<meta property=\"og:url\" content=\"https:\/\/www.kasafik.cz\/web\/cs\/skoleni-registrace\/\" \/>\n<meta property=\"og:site_name\" content=\"KASA FIK\" \/>\n<meta property=\"article:modified_time\" content=\"2018-09-27T12:09:24+00:00\" \/>\n<meta name=\"twitter:card\" content=\"summary_large_image\" \/>\n<script type=\"application\/ld+json\" class=\"yoast-schema-graph\">{\"@context\":\"https:\\\/\\\/schema.org\",\"@graph\":[{\"@type\":\"WebPage\",\"@id\":\"https:\\\/\\\/www.kasafik.cz\\\/web\\\/cs\\\/skoleni-registrace\\\/\",\"url\":\"https:\\\/\\\/www.kasafik.cz\\\/web\\\/cs\\\/skoleni-registrace\\\/\",\"name\":\"Semin\u00e1\u0159e - Registrace - KASA FIK\",\"isPartOf\":{\"@id\":\"https:\\\/\\\/www.kasafik.cz\\\/web\\\/#website\"},\"datePublished\":\"2017-11-27T09:22:41+00:00\",\"dateModified\":\"2018-09-27T12:09:24+00:00\",\"breadcrumb\":{\"@id\":\"https:\\\/\\\/www.kasafik.cz\\\/web\\\/cs\\\/skoleni-registrace\\\/#breadcrumb\"},\"inLanguage\":\"cs\",\"potentialAction\":[{\"@type\":\"ReadAction\",\"target\":[\"https:\\\/\\\/www.kasafik.cz\\\/web\\\/cs\\\/skoleni-registrace\\\/\"]}]},{\"@type\":\"BreadcrumbList\",\"@id\":\"https:\\\/\\\/www.kasafik.cz\\\/web\\\/cs\\\/skoleni-registrace\\\/#breadcrumb\",\"itemListElement\":[{\"@type\":\"ListItem\",\"position\":1,\"name\":\"Home\",\"item\":\"https:\\\/\\\/origin.kasafik.cz\\\/web\\\/cs\\\/\"},{\"@type\":\"ListItem\",\"position\":2,\"name\":\"Semin\u00e1\u0159e &#8211; Registrace\"}]},{\"@type\":\"WebSite\",\"@id\":\"https:\\\/\\\/www.kasafik.cz\\\/web\\\/#website\",\"url\":\"https:\\\/\\\/www.kasafik.cz\\\/web\\\/\",\"name\":\"KASA FIK\",\"description\":\"\",\"potentialAction\":[{\"@type\":\"SearchAction\",\"target\":{\"@type\":\"EntryPoint\",\"urlTemplate\":\"https:\\\/\\\/www.kasafik.cz\\\/web\\\/?s={search_term_string}\"},\"query-input\":{\"@type\":\"PropertyValueSpecification\",\"valueRequired\":true,\"valueName\":\"search_term_string\"}}],\"inLanguage\":\"cs\"}]}<\/script>\n<!-- \/ Yoast SEO plugin. -->","yoast_head_json":{"title":"Semin\u00e1\u0159e - Registrace - KASA FIK","robots":{"index":"index","follow":"follow","max-snippet":"max-snippet:-1","max-image-preview":"max-image-preview:large","max-video-preview":"max-video-preview:-1"},"canonical":"https:\/\/www.kasafik.cz\/web\/cs\/skoleni-registrace\/","og_locale":"cs_CZ","og_type":"article","og_title":"Semin\u00e1\u0159e - Registrace - KASA FIK","og_description":"\u0160kolen\u00ed a semin\u00e1\u0159e ZDARMA Zanechte n\u00e1m sv\u016fj kontakt a my s V\u00e1mi budeme po\u010d\u00edtat na na\u0161e skolen\u00ed. T\u00e9ma doneeRecept messageONLINE CHAT SE SPECIALISTOU Registrace na semin\u00e1\u0159 Email Telefon Jm\u00e9no PS\u010c Term\u00edn a lokalita &#8211; vyberte term\u00edn semin\u00e1\u0159e &#8211;\u00dat 16.10. 16h. &#8211; PrahaSt 24.10. 10h. &#8211; PrahaSt 31.10. 16h. &#8211; Praha Pozn\u00e1mka Odeslat","og_url":"https:\/\/www.kasafik.cz\/web\/cs\/skoleni-registrace\/","og_site_name":"KASA FIK","article_modified_time":"2018-09-27T12:09:24+00:00","twitter_card":"summary_large_image","schema":{"@context":"https:\/\/schema.org","@graph":[{"@type":"WebPage","@id":"https:\/\/www.kasafik.cz\/web\/cs\/skoleni-registrace\/","url":"https:\/\/www.kasafik.cz\/web\/cs\/skoleni-registrace\/","name":"Semin\u00e1\u0159e - Registrace - KASA FIK","isPartOf":{"@id":"https:\/\/www.kasafik.cz\/web\/#website"},"datePublished":"2017-11-27T09:22:41+00:00","dateModified":"2018-09-27T12:09:24+00:00","breadcrumb":{"@id":"https:\/\/www.kasafik.cz\/web\/cs\/skoleni-registrace\/#breadcrumb"},"inLanguage":"cs","potentialAction":[{"@type":"ReadAction","target":["https:\/\/www.kasafik.cz\/web\/cs\/skoleni-registrace\/"]}]},{"@type":"BreadcrumbList","@id":"https:\/\/www.kasafik.cz\/web\/cs\/skoleni-registrace\/#breadcrumb","itemListElement":[{"@type":"ListItem","position":1,"name":"Home","item":"https:\/\/origin.kasafik.cz\/web\/cs\/"},{"@type":"ListItem","position":2,"name":"Semin\u00e1\u0159e &#8211; Registrace"}]},{"@type":"WebSite","@id":"https:\/\/www.kasafik.cz\/web\/#website","url":"https:\/\/www.kasafik.cz\/web\/","name":"KASA FIK","description":"","potentialAction":[{"@type":"SearchAction","target":{"@type":"EntryPoint","urlTemplate":"https:\/\/www.kasafik.cz\/web\/?s={search_term_string}"},"query-input":{"@type":"PropertyValueSpecification","valueRequired":true,"valueName":"search_term_string"}}],"inLanguage":"cs"}]}},"jetpack_sharing_enabled":true,"_links":{"self":[{"href":"https:\/\/www.kasafik.cz\/web\/wp-json\/wp\/v2\/pages\/5763","targetHints":{"allow":["GET"]}}],"collection":[{"href":"https:\/\/www.kasafik.cz\/web\/wp-json\/wp\/v2\/pages"}],"about":[{"href":"https:\/\/www.kasafik.cz\/web\/wp-json\/wp\/v2\/types\/page"}],"author":[{"embeddable":true,"href":"https:\/\/www.kasafik.cz\/web\/wp-json\/wp\/v2\/users\/1"}],"replies":[{"embeddable":true,"href":"https:\/\/www.kasafik.cz\/web\/wp-json\/wp\/v2\/comments?post=5763"}],"version-history":[{"count":7,"href":"https:\/\/www.kasafik.cz\/web\/wp-json\/wp\/v2\/pages\/5763\/revisions"}],"predecessor-version":[{"id":7404,"href":"https:\/\/www.kasafik.cz\/web\/wp-json\/wp\/v2\/pages\/5763\/revisions\/7404"}],"wp:attachment":[{"href":"https:\/\/www.kasafik.cz\/web\/wp-json\/wp\/v2\/media?parent=5763"}],"curies":[{"name":"wp","href":"https:\/\/api.w.org\/{rel}","templated":true}]}}