{"id":4000,"date":"2017-05-15T14:27:22","date_gmt":"2017-05-15T14:27:22","guid":{"rendered":"https:\/\/www.kasafik.cz\/web\/?page_id=4000"},"modified":"2021-12-16T09:31:58","modified_gmt":"2021-12-16T09:31:58","slug":"homepage-id-blue-area-top","status":"publish","type":"page","link":"https:\/\/www.kasafik.cz\/web\/cs\/homepage-id-blue-area-top\/","title":{"rendered":"Homepage id \u2013 blue area top"},"content":{"rendered":"<style>\n   #btfe h1 small{\n   display: block;\n   padding-top: 1em;\n   font-size: 50%;\n   color: white;\n   opacity: 0.75;\n   }\n   #btfe .btn.btn-white{\n   border-color: white;\n   color: white;\n   margin-top: 10px;\n   }\n   #btfe .btn.active{\n   background-color: rgba(0,0,0,0.2);\n   border-color: rgba(0,0,0,0.4);\n   }\n   #btfe .btn.btn-white:hover{\n   background-color: rgba(0,0,0,0.2);\n   border-color: rgba(0,0,0,0.4);\n   }\n   #btfe{\n   -webkit-transition-delay: 0.3s;\n   transition-delay: 0.3s;\n   -webkit-transition: all .3s ease-out;\n   -moz-transition: all .3s ease-out;\n   -o-transition: all .3s ease-out;\n   transition: all .3s ease-out;\n   }\n   #btfe.xone {\n   -webkit-filter: hue-rotate(-100deg);\n   filter: hue-rotate(-30deg);\n   }\n   #btfe.xone img.orange{\n   -webkit-filter: hue-rotate(100deg);\n   filter: hue-rotate(100deg);\n   }\n   #btfe.xtwo{\n   -webkit-filter: hue-rotate(30deg);\n   filter: hue-rotate(30deg);\n   }\n   #btfe.one .orange{\n   }\n   #btfe.one .plus{\n   display: none;\n   }\n   #btfe.two .orange{\n   }\n   #btfe.two .plus{\n   display: none;\n   }\n   #btfe.xone img{\n   -webkit-filter: hue-rotate(30deg);\n   filter: hue-rotate(30deg);\n   }\n   #btfe.xtwo img{\n   -webkit-filter: hue-rotate(-30deg);\n   filter: hue-rotate(-30deg);\n   }\n<\/style>\n<div id=\"btfe\" class=\"container-fluid two\" style=\"background-size: cover; background-repeat: no-repeat; background-position: right center; background-image: url(https:\/\/www.kasafik.cz\/web\/wp-content\/uploads\/2016\/07\/kasafik-tablet-home-green-bg.jpg); min-height: 340px;\">\n<div class=\"container\">\n<div class=\"row\">\n<div class=\"col-md-6\">\n<h4 class=\"plus\" style=\"color: white; margin-top: 30px;font-weight: 600;\">KASA FIK PLUS<\/h4>\n<h4 class=\"orange\" style=\"color: white; margin-top: 30px;font-weight: 600;\">KASA FIK ORANGE<\/h4>\n<h1 class=\"plus thin\" style=\"color: white; margin-top: 0px; min-height: 80px;\"\">Jednoduch\u00e1 pokladna pro tablety a mobily<\/u><small>V\u00edce jak 100 serv\u00edsn\u00edch m\u00edst<\/small><\/h1>\n<h1 class=\"orange thin\" style=\"color: white; margin-top: 0px; min-height: 80px;\"\">Polo\u017ekov\u00e9 pokladny pro eTr\u017eby za kter\u00e9 <u>neplat\u00edte pau\u0161\u00e1l<\/u><small>Dostupn\u00e9 se servisem na v\u00edce jak 30 prodejn\u00e1ch, u 150 servisn\u00edch partner\u016f i online na Mironetu<\/small><\/h1>\n<div class=\"row\" style=\"margin-top: 20px;\">\n<div class=\"col-md-6\" style=\"display: none;\">\n                  <a class=\"btn btn-default btn-white btn-lg line\" style=\"width:100%\" onclick=\"$('#btfe .active').removeClass('active');$(this).addClass('active'); $('#btfe').removeClass('one'); $('#btfe').addClass('two')\">PLUS<\/a>\n               <\/div>\n<div class=\"col-md-8\">\n                  <a href=\"https:\/\/www.kasafik.cz\/web\/cs\/pokladni-system-orange\/\" class=\"btn btn-default btn-white btn-lg line\" style=\"width:100%\" x-onclick=\"$('#btfe .active').removeClass('active');$(this).addClass('active'); $('#btfe').removeClass('two'); $('#btfe').addClass('one')\">V\u00edce informac\u00ed<\/a>\n               <\/div>\n<\/p><\/div>\n<\/p><\/div>\n<div class=\"col-md-6 imgbox\">\n            <img fetchpriority=\"high\" decoding=\"async\" src=\"https:\/\/www.kasafik.cz\/web\/wp-content\/uploads\/2016\/07\/orange-3-devices-web.png\" alt=\"orange-3-devices-web\" width=\"300\" height=\"300\" class=\"orange aligncenter size-full wp-image-2646\" srcset=\"https:\/\/www.kasafik.cz\/web\/wp-content\/uploads\/2016\/07\/orange-3-devices-web.png 300w, https:\/\/www.kasafik.cz\/web\/wp-content\/uploads\/2016\/07\/orange-3-devices-web-100x100.png 100w, https:\/\/www.kasafik.cz\/web\/wp-content\/uploads\/2016\/07\/orange-3-devices-web-150x150.png 150w\" sizes=\"(max-width: 300px) 100vw, 300px\" \/><img decoding=\"async\" src=\"https:\/\/www.kasafik.cz\/web\/wp-content\/uploads\/2016\/07\/kasafik-tablet-plus-top.png\" alt=\"kasafik-tablet-plus\" class=\"plus aligncenter img-responsive size-full wp-image-1431\" style=\"margin:0; max-height: 350px;\" \/>\n         <\/div>\n<\/p><\/div>\n<\/p><\/div>\n<\/div>\n<\/div>\n<\/div>\n<div class=\"container\" style=\"margin-top: 2em; display: none;\">\n<div class=\"row\">\n<h1 class=\"headline\">Aktu\u00e1ln\u011b: Jak prob\u00edhaj\u00ed prvn\u00ed dny evidence EET<\/h1>\n<ul style=\"margin-top: 1em;\">\n<li>Neevidujeme \u017e\u00e1dn\u00e9 v\u00fdpadky, na\u0161i z\u00e1kazn\u00edci jsou online a servery Finan\u010dn\u00ed spr\u00e1vy funguj\u00ed ve 100% p\u0159\u00edpad\u016f<\/li>\n<li>Pr\u016fm\u011brn\u00e1 doba odezvy je 0.4s po cel\u00e9 \u010cR. Sledujte aktu\u00e1ln\u00ed stav na <a href=\"https:\/\/twitter.com\/kasafik\" target=\"_blank\" rel=\"noopener\">twitter.com\/kasafik<\/a><\/li>\n<li>Novinka: Garance vr\u00e1cen\u00ed pen\u011bz p\u0159i koupi KASA FIK ORANGE v prosinci<\/li>\n<li>P\u0159es <a href=\"http:\/\/shop.kasafik.cz\/cs\/stores\">100 instala\u010dn\u00edch a servisn\u00edch partner\u016f<\/a> po cel\u00e9 \u010cR<\/li>\n<li>Na\u0161e programy pro EET ji\u017e pou\u017e\u00edv\u00e1 p\u0159es 10 000 podnikatel\u016f. Dnes nahl\u00e1silo p\u0159es 5.000 subjekt\u016f.<\/li>\n<li>Za\u0159\u00edzen\u00ed <a href=\"http:\/\/shop.kasafik.cz\/cs\/pokladni-balicky-a-sety\/21-kasa-fik-orange-klasik.html\">KASA FIK ORANGE<\/a> a <a href=\"http:\/\/shop.kasafik.cz\/cs\/prislusenstvi\/28-rongta-usbbt-tiskarna-58-mm-rp58bu.html\">Bluetooth mobiln\u00ed tisk\u00e1rny skladem k tablet\u016fm v na\u0161em eshopu<\/a>, <a href=\"https:\/\/www.mironet.cz\/kasa-fik-orange-eet-pokladni-terminal-dotykovy-displej-55quot-interni-tiskarna-3g-bt-wifi-aplikace-klasik+dp303894\/\">Mironetu<\/a> nebo u partner\u016f okam\u017eit\u011b k odb\u011bru<\/li>\n<\/ul><\/div>\n<\/div>\n<\/div>\n","protected":false},"excerpt":{"rendered":"<p>KASA FIK PLUS KASA FIK ORANGE Polo\u017ekov\u00e9 pokladny pro eTr\u017eby za kter\u00e9 neplat\u00edte pau\u0161\u00e1lDostupn\u00e9 se servisem na v\u00edce jak 30 prodejn\u00e1ch, u 150 servisn\u00edch partner\u016f i online na Mironetu PLUS V\u00edce informac\u00ed Aktu\u00e1ln\u011b: Jak prob\u00edhaj\u00ed prvn\u00ed dny evidence EET Neevidujeme \u017e\u00e1dn\u00e9 v\u00fdpadky, na\u0161i z\u00e1kazn\u00edci jsou online a servery Finan\u010dn\u00ed spr\u00e1vy funguj\u00ed ve 100% p\u0159\u00edpad\u016f Pr\u016fm\u011brn\u00e1 [&hellip;]<\/p>\n","protected":false},"author":1,"featured_media":0,"parent":0,"menu_order":1,"comment_status":"closed","ping_status":"closed","template":"page-templates\/full-width.php","meta":{"footnotes":""},"class_list":["post-4000","page","type-page","status-publish","hentry"],"yoast_head":"<!-- This site is optimized with the Yoast SEO plugin v27.4 - https:\/\/yoast.com\/product\/yoast-seo-wordpress\/ -->\n<title>Homepage id \u2013 blue area top - KASA FIK<\/title>\n<meta name=\"robots\" content=\"index, follow, max-snippet:-1, max-image-preview:large, max-video-preview:-1\" \/>\n<link rel=\"canonical\" href=\"https:\/\/www.kasafik.cz\/web\/cs\/homepage-id-blue-area-top\/\" \/>\n<meta property=\"og:locale\" content=\"cs_CZ\" \/>\n<meta property=\"og:type\" content=\"article\" \/>\n<meta property=\"og:title\" content=\"Homepage id \u2013 blue area top - KASA FIK\" \/>\n<meta property=\"og:description\" content=\"KASA FIK PLUS KASA FIK ORANGE Polo\u017ekov\u00e9 pokladny pro eTr\u017eby za kter\u00e9 neplat\u00edte pau\u0161\u00e1lDostupn\u00e9 se servisem na v\u00edce jak 30 prodejn\u00e1ch, u 150 servisn\u00edch partner\u016f i online na Mironetu PLUS V\u00edce informac\u00ed Aktu\u00e1ln\u011b: Jak prob\u00edhaj\u00ed prvn\u00ed dny evidence EET Neevidujeme \u017e\u00e1dn\u00e9 v\u00fdpadky, na\u0161i z\u00e1kazn\u00edci jsou online a servery Finan\u010dn\u00ed spr\u00e1vy funguj\u00ed ve 100% p\u0159\u00edpad\u016f Pr\u016fm\u011brn\u00e1 [&hellip;]\" \/>\n<meta property=\"og:url\" content=\"https:\/\/www.kasafik.cz\/web\/cs\/homepage-id-blue-area-top\/\" \/>\n<meta property=\"og:site_name\" content=\"KASA FIK\" \/>\n<meta property=\"article:modified_time\" content=\"2021-12-16T09:31:58+00:00\" \/>\n<meta property=\"og:image\" content=\"https:\/\/www.kasafik.cz\/web\/wp-content\/uploads\/2016\/07\/orange-3-devices-web.png\" \/>\n<meta name=\"twitter:card\" content=\"summary_large_image\" \/>\n<meta name=\"twitter:label1\" content=\"Odhadovan\u00e1 doba \u010dten\u00ed\" \/>\n\t<meta name=\"twitter:data1\" content=\"1 minuta\" \/>\n<script type=\"application\/ld+json\" class=\"yoast-schema-graph\">{\"@context\":\"https:\\\/\\\/schema.org\",\"@graph\":[{\"@type\":\"WebPage\",\"@id\":\"https:\\\/\\\/www.kasafik.cz\\\/web\\\/cs\\\/homepage-id-blue-area-top\\\/\",\"url\":\"https:\\\/\\\/www.kasafik.cz\\\/web\\\/cs\\\/homepage-id-blue-area-top\\\/\",\"name\":\"Homepage id \u2013 blue area top - KASA FIK\",\"isPartOf\":{\"@id\":\"https:\\\/\\\/www.kasafik.cz\\\/web\\\/#website\"},\"primaryImageOfPage\":{\"@id\":\"https:\\\/\\\/www.kasafik.cz\\\/web\\\/cs\\\/homepage-id-blue-area-top\\\/#primaryimage\"},\"image\":{\"@id\":\"https:\\\/\\\/www.kasafik.cz\\\/web\\\/cs\\\/homepage-id-blue-area-top\\\/#primaryimage\"},\"thumbnailUrl\":\"https:\\\/\\\/www.kasafik.cz\\\/web\\\/wp-content\\\/uploads\\\/2016\\\/07\\\/orange-3-devices-web.png\",\"datePublished\":\"2017-05-15T14:27:22+00:00\",\"dateModified\":\"2021-12-16T09:31:58+00:00\",\"breadcrumb\":{\"@id\":\"https:\\\/\\\/www.kasafik.cz\\\/web\\\/cs\\\/homepage-id-blue-area-top\\\/#breadcrumb\"},\"inLanguage\":\"cs\",\"potentialAction\":[{\"@type\":\"ReadAction\",\"target\":[\"https:\\\/\\\/www.kasafik.cz\\\/web\\\/cs\\\/homepage-id-blue-area-top\\\/\"]}]},{\"@type\":\"ImageObject\",\"inLanguage\":\"cs\",\"@id\":\"https:\\\/\\\/www.kasafik.cz\\\/web\\\/cs\\\/homepage-id-blue-area-top\\\/#primaryimage\",\"url\":\"https:\\\/\\\/www.kasafik.cz\\\/web\\\/wp-content\\\/uploads\\\/2016\\\/07\\\/orange-3-devices-web.png\",\"contentUrl\":\"https:\\\/\\\/www.kasafik.cz\\\/web\\\/wp-content\\\/uploads\\\/2016\\\/07\\\/orange-3-devices-web.png\",\"width\":300,\"height\":300},{\"@type\":\"BreadcrumbList\",\"@id\":\"https:\\\/\\\/www.kasafik.cz\\\/web\\\/cs\\\/homepage-id-blue-area-top\\\/#breadcrumb\",\"itemListElement\":[{\"@type\":\"ListItem\",\"position\":1,\"name\":\"Home\",\"item\":\"https:\\\/\\\/origin.kasafik.cz\\\/web\\\/cs\\\/\"},{\"@type\":\"ListItem\",\"position\":2,\"name\":\"Homepage id \u2013 blue area top\"}]},{\"@type\":\"WebSite\",\"@id\":\"https:\\\/\\\/www.kasafik.cz\\\/web\\\/#website\",\"url\":\"https:\\\/\\\/www.kasafik.cz\\\/web\\\/\",\"name\":\"KASA FIK\",\"description\":\"\",\"potentialAction\":[{\"@type\":\"SearchAction\",\"target\":{\"@type\":\"EntryPoint\",\"urlTemplate\":\"https:\\\/\\\/www.kasafik.cz\\\/web\\\/?s={search_term_string}\"},\"query-input\":{\"@type\":\"PropertyValueSpecification\",\"valueRequired\":true,\"valueName\":\"search_term_string\"}}],\"inLanguage\":\"cs\"}]}<\/script>\n<!-- \/ Yoast SEO plugin. -->","yoast_head_json":{"title":"Homepage id \u2013 blue area top - KASA FIK","robots":{"index":"index","follow":"follow","max-snippet":"max-snippet:-1","max-image-preview":"max-image-preview:large","max-video-preview":"max-video-preview:-1"},"canonical":"https:\/\/www.kasafik.cz\/web\/cs\/homepage-id-blue-area-top\/","og_locale":"cs_CZ","og_type":"article","og_title":"Homepage id \u2013 blue area top - KASA FIK","og_description":"KASA FIK PLUS KASA FIK ORANGE Polo\u017ekov\u00e9 pokladny pro eTr\u017eby za kter\u00e9 neplat\u00edte pau\u0161\u00e1lDostupn\u00e9 se servisem na v\u00edce jak 30 prodejn\u00e1ch, u 150 servisn\u00edch partner\u016f i online na Mironetu PLUS V\u00edce informac\u00ed Aktu\u00e1ln\u011b: Jak prob\u00edhaj\u00ed prvn\u00ed dny evidence EET Neevidujeme \u017e\u00e1dn\u00e9 v\u00fdpadky, na\u0161i z\u00e1kazn\u00edci jsou online a servery Finan\u010dn\u00ed spr\u00e1vy funguj\u00ed ve 100% p\u0159\u00edpad\u016f Pr\u016fm\u011brn\u00e1 [&hellip;]","og_url":"https:\/\/www.kasafik.cz\/web\/cs\/homepage-id-blue-area-top\/","og_site_name":"KASA FIK","article_modified_time":"2021-12-16T09:31:58+00:00","og_image":[{"url":"https:\/\/www.kasafik.cz\/web\/wp-content\/uploads\/2016\/07\/orange-3-devices-web.png","type":"","width":"","height":""}],"twitter_card":"summary_large_image","twitter_misc":{"Odhadovan\u00e1 doba \u010dten\u00ed":"1 minuta"},"schema":{"@context":"https:\/\/schema.org","@graph":[{"@type":"WebPage","@id":"https:\/\/www.kasafik.cz\/web\/cs\/homepage-id-blue-area-top\/","url":"https:\/\/www.kasafik.cz\/web\/cs\/homepage-id-blue-area-top\/","name":"Homepage id \u2013 blue area top - KASA FIK","isPartOf":{"@id":"https:\/\/www.kasafik.cz\/web\/#website"},"primaryImageOfPage":{"@id":"https:\/\/www.kasafik.cz\/web\/cs\/homepage-id-blue-area-top\/#primaryimage"},"image":{"@id":"https:\/\/www.kasafik.cz\/web\/cs\/homepage-id-blue-area-top\/#primaryimage"},"thumbnailUrl":"https:\/\/www.kasafik.cz\/web\/wp-content\/uploads\/2016\/07\/orange-3-devices-web.png","datePublished":"2017-05-15T14:27:22+00:00","dateModified":"2021-12-16T09:31:58+00:00","breadcrumb":{"@id":"https:\/\/www.kasafik.cz\/web\/cs\/homepage-id-blue-area-top\/#breadcrumb"},"inLanguage":"cs","potentialAction":[{"@type":"ReadAction","target":["https:\/\/www.kasafik.cz\/web\/cs\/homepage-id-blue-area-top\/"]}]},{"@type":"ImageObject","inLanguage":"cs","@id":"https:\/\/www.kasafik.cz\/web\/cs\/homepage-id-blue-area-top\/#primaryimage","url":"https:\/\/www.kasafik.cz\/web\/wp-content\/uploads\/2016\/07\/orange-3-devices-web.png","contentUrl":"https:\/\/www.kasafik.cz\/web\/wp-content\/uploads\/2016\/07\/orange-3-devices-web.png","width":300,"height":300},{"@type":"BreadcrumbList","@id":"https:\/\/www.kasafik.cz\/web\/cs\/homepage-id-blue-area-top\/#breadcrumb","itemListElement":[{"@type":"ListItem","position":1,"name":"Home","item":"https:\/\/origin.kasafik.cz\/web\/cs\/"},{"@type":"ListItem","position":2,"name":"Homepage id \u2013 blue area top"}]},{"@type":"WebSite","@id":"https:\/\/www.kasafik.cz\/web\/#website","url":"https:\/\/www.kasafik.cz\/web\/","name":"KASA FIK","description":"","potentialAction":[{"@type":"SearchAction","target":{"@type":"EntryPoint","urlTemplate":"https:\/\/www.kasafik.cz\/web\/?s={search_term_string}"},"query-input":{"@type":"PropertyValueSpecification","valueRequired":true,"valueName":"search_term_string"}}],"inLanguage":"cs"}]}},"jetpack_sharing_enabled":true,"_links":{"self":[{"href":"https:\/\/www.kasafik.cz\/web\/wp-json\/wp\/v2\/pages\/4000","targetHints":{"allow":["GET"]}}],"collection":[{"href":"https:\/\/www.kasafik.cz\/web\/wp-json\/wp\/v2\/pages"}],"about":[{"href":"https:\/\/www.kasafik.cz\/web\/wp-json\/wp\/v2\/types\/page"}],"author":[{"embeddable":true,"href":"https:\/\/www.kasafik.cz\/web\/wp-json\/wp\/v2\/users\/1"}],"replies":[{"embeddable":true,"href":"https:\/\/www.kasafik.cz\/web\/wp-json\/wp\/v2\/comments?post=4000"}],"version-history":[{"count":5,"href":"https:\/\/www.kasafik.cz\/web\/wp-json\/wp\/v2\/pages\/4000\/revisions"}],"predecessor-version":[{"id":11967,"href":"https:\/\/www.kasafik.cz\/web\/wp-json\/wp\/v2\/pages\/4000\/revisions\/11967"}],"wp:attachment":[{"href":"https:\/\/www.kasafik.cz\/web\/wp-json\/wp\/v2\/media?parent=4000"}],"curies":[{"name":"wp","href":"https:\/\/api.w.org\/{rel}","templated":true}]}}